{"id":7642,"date":"2016-10-16T16:57:33","date_gmt":"2016-10-16T16:57:33","guid":{"rendered":"http:\/\/www.studiokappa.it\/?page_id=7642"},"modified":"2022-11-01T15:19:41","modified_gmt":"2022-11-01T15:19:41","slug":"simone-deflorian-biografia","status":"publish","type":"page","link":"https:\/\/www.studiokappa.it\/?page_id=7642","title":{"rendered":"Simone Deflorian &#8211; Biografia 01"},"content":{"rendered":"<table width=\"100%\" cellspacing=\"0\" cellpadding=\"0\" border=\"0\" align=\"center\">\n<tbody>\n<tr>\n<td style=\"width: 75%\" valign=\"top\"><strong><span style=\"color: #6600ff; font-size: medium;\">Simone Deflorian<\/span><br \/>\n<\/strong><span style=\"color: #6600ff;\">Sviluppo Partecipato di Citt\u00e0 e Organizzazioni<\/span><\/p>\n<p><em><br \/>\n<\/em><br \/>\n<strong>Biografia<\/strong><br \/>\n&nbsp;<\/p>\n<div>\n<p>Nasce ad <a style=\"text-decoration: none;\" title=\"Vai al sito del Comune di Asti\" href=\"http:\/\/www.comune.asti.it\" target=\"_blank\" rel=\"noopener noreferrer\">Asti<\/a> da Lucia, impiegata comunale, e Luigi, professore delle scuole medie. Viene alla luce sorridendo al mondo. Il parto \u00e8 seguito dalla nonna Lina, che lavora come infermiera alla maternit\u00e0. La madre Lucia \u00e8 originaria di <a style=\"text-decoration: none;\" title=\"Vai al sito del Comune di Asti\" href=\"http:\/\/www.comune.asti.it\" target=\"_blank\" rel=\"noopener noreferrer\">Asti<\/a>, seppur nata a <a style=\"text-decoration: none;\" title=\"Vai al sito del Comune di Cairo Montenotte\" href=\"https:\/\/www.comunecairomontenotte.gov.it\" target=\"_blank\" rel=\"noopener noreferrer\">Cairo Montenotte (SV)<\/a>;  il padre Luigi \u00e8 natio di <a style=\"text-decoration: none;\" title=\"Vai al sito del Comune di Tesero\" href=\"https:\/\/www.comune.tesero.tn.it\" target=\"_blank\" rel=\"noopener noreferrer\">Tesero (TN)<\/a>, in <a style=\"text-decoration: none;\" title=\"Vai al sito della Val di Fiemme\" href=\"http:\/\/www.visitfiemme.it\" target=\"_blank\" rel=\"noopener noreferrer\">Val di Fiemme<\/a>.<\/p>\n<p>Quando <a style=\"text-decoration: none;\" title=\"Vai alla pagina delle attivit\u00e0 di Simone Deflorian\" href=\"http:\/\/www.studiokappa.it\/?page_id=108\" target=\"_blank\" rel=\"noopener noreferrer\">Simone Deflorian<\/a> racconta la storia della sua vita inizia solitamente dai suoi nonni.<br \/>\nIl nonno paterno Alberto parte per la Russia (<a style=\"text-decoration: none;\" title=\"Vai alla pagina di Wikipedia sul fronte orientale della seconda guerra mondiale\" href=\"https:\/\/it.wikipedia.org\/wiki\/Fronte_orientale_(1941-1945)\" target=\"_blank\" rel=\"noopener noreferrer\">Fronte Orientale della seconda guerra mondiale<\/a>) che sua moglie Lina era 19enne incinta di Luigi. Dalla guerra in Russia, il nonno Alberto non torna e non si ha pi\u00f9 notizia. Resta un buco nero nella storia della famiglia di <a style=\"text-decoration: none;\" title=\"Vai alla pagina delle attivit\u00e0 di Simone Deflorian\" href=\"http:\/\/www.studiokappa.it\/?page_id=108\" target=\"_blank\" rel=\"noopener noreferrer\">Simone Deflorian<\/a>.<\/p>\n<p>La nonna Lina aspetta tutta la vita che il suo uomo torni dalla campagna di Russia, fino a quando a 93 anni lo raggiunge in cielo.<br \/>\nIn diverse occasioni, insieme ad altre donne come lei, va in Russia a cercare nei cimiteri di guerra informazioni e indizi sul suo Alberto, senza fortuna. La vita di Lina \u00e8 una vita difficile fatta di sacrifici, fatiche sempre con il sorriso sulle labbra e una parola buona per tutti, nonostante una scolarizzazione scarsa.<\/p>\n<\/div>\n<p><strong><strong><br \/>\n<\/strong><\/strong><\/td>\n<td style=\"width: 20%\" valign=\"top\"><a style=\"text-decoration: none;\" href=\"http:\/\/www.studiokappa.it\/?page_id=108\"><img decoding=\"async\" class=\"alignright size-full wp-image-113\" style=\"margin-left: 10px;\" title=\"Simone Deflorian - Sviluppo Partecipato di citt\u00e0 e organizzazioni\" src=\"http:\/\/www.studiokappa.it\/wp-content\/uploads\/2012\/04\/Simone_DeflorianNEW.jpg\" alt=\"Simone Deflorian\" width=\"186\" height=\"222\"><\/a><\/p>\n<p>&nbsp;<\/p>\n<p style=\"text-align: right;\"><em><strong>&nbsp;&nbsp;<a style=\"text-decoration: none;\" title=\"Vai alle pubblicazioni di Simone Deflorian\" href=\"http:\/\/www.studiokappa.it\/?page_id=7612\">Pubblicazioni<\/a><\/strong><\/em><\/p>\n<p style=\"text-align: right;\"><em><strong>&nbsp;&nbsp;<a style=\"text-decoration: none;\" title=\"Vai agli articoli di Simone Deflorian\" href=\"http:\/\/www.studiokappa.it\/?page_id=7617\">Articoli<\/a><\/strong><\/em><\/p>\n<p style=\"text-align: right;\"><em><strong>&nbsp;&nbsp;<a style=\"text-decoration: none;\" title=\"Vai ai convegni di Simone Deflorian\" href=\"http:\/\/www.studiokappa.it\/?page_id=7635\">Convegni<\/a><\/strong><\/em><\/p>\n<p style=\"text-align: right;\"><em><strong>&nbsp;&nbsp;<a style=\"text-decoration: none;\" title=\"Vai ai convegni di Simone Deflorian\" href=\"http:\/\/www.studiokappa.it\/?page_id=108\">Interventi<\/a><\/strong><\/em><\/p>\n<p style=\"text-align: right;\"><em><strong>&nbsp;&nbsp;<a style=\"text-decoration: none;\" title=\"Vai agli interventi di Simone Deflorian\" href=\"http:\/\/www.studiokappa.it\/?page_id=7638\">Area di intervento<\/a><\/strong><\/em><\/p>\n<p style=\"text-align: right;\"><em><strong>&nbsp;&nbsp;<a style=\"text-decoration: none;\" title=\"Vai ai testi di riferimento di Simone Deflorian\" href=\"http:\/\/www.studiokappa.it\/?page_id=7640\">Riferimenti<\/a><\/strong><\/em><\/p>\n<p style=\"text-align: right;\"><em><strong>&nbsp;&nbsp;<a style=\"text-decoration: none;\" title=\"Vai alla biografia di Simone Deflorian\" href=\"http:\/\/www.studiokappa.it\/?page_id=7642\">Biografia<\/a><\/strong><\/em><\/p>\n<\/td>\n<\/tr>\n<\/tbody>\n<\/table>\n<table style=\"height: 11px;\" width=\"75%\" cellspacing=\"0\" cellpadding=\"0\" border=\"0\" align=\"left\">\n<tbody>\n<tr>\n<td style=\"text-align: center; font-family: Verdana; font-size: 100%;\">\n<a style=\"text-decoration: none;\" title=\"Vai alla presentazione delle attivit\u00e0 di Simone Deflorian\" href=\"http:\/\/www.studiokappa.it\/?page_id=108\">Pagina principale<\/a><\/td>\n<td width=\"5%\"><\/td>\n<td style=\"text-align: center; font-family: Verdana; font-size: 100%;\">\n<a style=\"text-decoration: none;\" title=\"Torna alla prima pagina della biografia\" href=\"http:\/\/www.studiokappa.it\/?page_id=7642\">Biografia<br \/>\n<\/a><\/td>\n<td width=\"5%\"><\/td>\n<td style=\"text-align: center; font-family: Verdana; font-size: 100%;\">\n<a style=\"text-decoration: none;\" title=\"Vai alla pagina successiva\" href=\"http:\/\/www.studiokappa.it\/?page_id=12510\">Pagina successiva<\/a><\/td>\n<\/tr>\n<\/tbody>\n<\/table>\n<p><em><br \/>\n<\/em><br \/>\n<em><br \/>\n<\/em><\/p>\n","protected":false},"excerpt":{"rendered":"<p>Simone Deflorian Sviluppo Partecipato di Citt\u00e0 e Organizzazioni Biografia &nbsp; Nasce ad Asti da Lucia, impiegata comunale, e Luigi, professore delle scuole medie. Viene alla luce sorridendo al mondo. Il parto \u00e8 seguito dalla nonna Lina, che lavora come infermiera alla maternit\u00e0. La madre Lucia \u00e8 originaria di Asti, seppur nata a Cairo Montenotte (SV); [&hellip;]<\/p>\n","protected":false},"author":1,"featured_media":0,"parent":0,"menu_order":0,"comment_status":"closed","ping_status":"closed","template":"","meta":{"footnotes":""},"class_list":["post-7642","page","type-page","status-publish","hentry"],"_links":{"self":[{"href":"https:\/\/www.studiokappa.it\/index.php?rest_route=\/wp\/v2\/pages\/7642","targetHints":{"allow":["GET"]}}],"collection":[{"href":"https:\/\/www.studiokappa.it\/index.php?rest_route=\/wp\/v2\/pages"}],"about":[{"href":"https:\/\/www.studiokappa.it\/index.php?rest_route=\/wp\/v2\/types\/page"}],"author":[{"embeddable":true,"href":"https:\/\/www.studiokappa.it\/index.php?rest_route=\/wp\/v2\/users\/1"}],"replies":[{"embeddable":true,"href":"https:\/\/www.studiokappa.it\/index.php?rest_route=%2Fwp%2Fv2%2Fcomments&post=7642"}],"version-history":[{"count":0,"href":"https:\/\/www.studiokappa.it\/index.php?rest_route=\/wp\/v2\/pages\/7642\/revisions"}],"wp:attachment":[{"href":"https:\/\/www.studiokappa.it\/index.php?rest_route=%2Fwp%2Fv2%2Fmedia&parent=7642"}],"curies":[{"name":"wp","href":"https:\/\/api.w.org\/{rel}","templated":true}]}}

<table width="100%" cellspacing="0" cellpadding="0" border="0" align="center">
<tbody>
<tr>
<td style="width: 75%" valign="top"><strong><span style="color: #6600ff; font-size: medium;">Simone Deflorian</span><br />
</strong><span style="color: #6600ff;">Sviluppo Partecipato di Città e Organizzazioni</span></p>
<p><em><br />
</em><br />
<strong>Biografia</strong><br />
&nbsp;</p>
<div>
<p>Nasce ad <a style="text-decoration: none;" title="Vai al sito del Comune di Asti" href="http://www.comune.asti.it" target="_blank" rel="noopener noreferrer">Asti</a> da Lucia, impiegata comunale, e Luigi, professore delle scuole medie. Viene alla luce sorridendo al mondo. Il parto è seguito dalla nonna Lina, che lavora come infermiera alla maternità. La madre Lucia è originaria di <a style="text-decoration: none;" title="Vai al sito del Comune di Asti" href="http://www.comune.asti.it" target="_blank" rel="noopener noreferrer">Asti</a>, seppur nata a <a style="text-decoration: none;" title="Vai al sito del Comune di Cairo Montenotte" href="https://www.comunecairomontenotte.gov.it" target="_blank" rel="noopener noreferrer">Cairo Montenotte (SV)</a>;  il padre Luigi è natio di <a style="text-decoration: none;" title="Vai al sito del Comune di Tesero" href="https://www.comune.tesero.tn.it" target="_blank" rel="noopener noreferrer">Tesero (TN)</a>, in <a style="text-decoration: none;" title="Vai al sito della Val di Fiemme" href="http://www.visitfiemme.it" target="_blank" rel="noopener noreferrer">Val di Fiemme</a>.</p>
<p>Quando <a style="text-decoration: none;" title="Vai alla pagina delle attività di Simone Deflorian" href="http://www.studiokappa.it/?page_id=108" target="_blank" rel="noopener noreferrer">Simone Deflorian</a> racconta la storia della sua vita inizia solitamente dai suoi nonni.<br />
Il nonno paterno Alberto parte per la Russia (<a style="text-decoration: none;" title="Vai alla pagina di Wikipedia sul fronte orientale della seconda guerra mondiale" href="https://it.wikipedia.org/wiki/Fronte_orientale_(1941-1945)" target="_blank" rel="noopener noreferrer">Fronte Orientale della seconda guerra mondiale</a>) che sua moglie Lina era 19enne incinta di Luigi. Dalla guerra in Russia, il nonno Alberto non torna e non si ha più notizia. Resta un buco nero nella storia della famiglia di <a style="text-decoration: none;" title="Vai alla pagina delle attività di Simone Deflorian" href="http://www.studiokappa.it/?page_id=108" target="_blank" rel="noopener noreferrer">Simone Deflorian</a>.</p>
<p>La nonna Lina aspetta tutta la vita che il suo uomo torni dalla campagna di Russia, fino a quando a 93 anni lo raggiunge in cielo.<br />
In diverse occasioni, insieme ad altre donne come lei, va in Russia a cercare nei cimiteri di guerra informazioni e indizi sul suo Alberto, senza fortuna. La vita di Lina è una vita difficile fatta di sacrifici, fatiche sempre con il sorriso sulle labbra e una parola buona per tutti, nonostante una scolarizzazione scarsa.</p>
</div>
<p><strong><strong><br />
</strong></strong></td>
<td style="width: 20%" valign="top"><a style="text-decoration: none;" href="http://www.studiokappa.it/?page_id=108"><img decoding="async" class="alignright size-full wp-image-113" style="margin-left: 10px;" title="Simone Deflorian - Sviluppo Partecipato di città e organizzazioni" src="http://www.studiokappa.it/wp-content/uploads/2012/04/Simone_DeflorianNEW.jpg" alt="Simone Deflorian" width="186" height="222"></a></p>
<p>&nbsp;</p>
<p style="text-align: right;"><em><strong>&nbsp;&nbsp;<a style="text-decoration: none;" title="Vai alle pubblicazioni di Simone Deflorian" href="http://www.studiokappa.it/?page_id=7612">Pubblicazioni</a></strong></em></p>
<p style="text-align: right;"><em><strong>&nbsp;&nbsp;<a style="text-decoration: none;" title="Vai agli articoli di Simone Deflorian" href="http://www.studiokappa.it/?page_id=7617">Articoli</a></strong></em></p>
<p style="text-align: right;"><em><strong>&nbsp;&nbsp;<a style="text-decoration: none;" title="Vai ai convegni di Simone Deflorian" href="http://www.studiokappa.it/?page_id=7635">Convegni</a></strong></em></p>
<p style="text-align: right;"><em><strong>&nbsp;&nbsp;<a style="text-decoration: none;" title="Vai ai convegni di Simone Deflorian" href="http://www.studiokappa.it/?page_id=108">Interventi</a></strong></em></p>
<p style="text-align: right;"><em><strong>&nbsp;&nbsp;<a style="text-decoration: none;" title="Vai agli interventi di Simone Deflorian" href="http://www.studiokappa.it/?page_id=7638">Area di intervento</a></strong></em></p>
<p style="text-align: right;"><em><strong>&nbsp;&nbsp;<a style="text-decoration: none;" title="Vai ai testi di riferimento di Simone Deflorian" href="http://www.studiokappa.it/?page_id=7640">Riferimenti</a></strong></em></p>
<p style="text-align: right;"><em><strong>&nbsp;&nbsp;<a style="text-decoration: none;" title="Vai alla biografia di Simone Deflorian" href="http://www.studiokappa.it/?page_id=7642">Biografia</a></strong></em></p>
</td>
</tr>
</tbody>
</table>
<table style="height: 11px;" width="75%" cellspacing="0" cellpadding="0" border="0" align="left">
<tbody>
<tr>
<td style="text-align: center; font-family: Verdana; font-size: 100%;">
<a style="text-decoration: none;" title="Vai alla presentazione delle attività di Simone Deflorian" href="http://www.studiokappa.it/?page_id=108">Pagina principale</a></td>
<td width="5%"></td>
<td style="text-align: center; font-family: Verdana; font-size: 100%;">
<a style="text-decoration: none;" title="Torna alla prima pagina della biografia" href="http://www.studiokappa.it/?page_id=7642">Biografia<br />
</a></td>
<td width="5%"></td>
<td style="text-align: center; font-family: Verdana; font-size: 100%;">
<a style="text-decoration: none;" title="Vai alla pagina successiva" href="http://www.studiokappa.it/?page_id=12510">Pagina successiva</a></td>
</tr>
</tbody>
</table>
<p><em><br />
</em><br />
<em><br />
</em></p>

<p>Simone Deflorian Sviluppo Partecipato di Città e Organizzazioni Biografia &nbsp; Nasce ad Asti da Lucia, impiegata comunale, e Luigi, professore delle scuole medie. Viene alla luce sorridendo al mondo. Il parto è seguito dalla nonna Lina, che lavora come infermiera alla maternità. La madre Lucia è originaria di Asti, seppur nata a Cairo Montenotte (SV); [&hellip;]</p>
