{"id":6710,"date":"2016-04-25T10:09:26","date_gmt":"2016-04-25T10:09:26","guid":{"rendered":"http:\/\/www.studiokappa.it\/?page_id=6710"},"modified":"2022-11-03T20:31:38","modified_gmt":"2022-11-03T20:31:38","slug":"boxpersonefamiglie","status":"publish","type":"page","link":"https:\/\/www.studiokappa.it\/?page_id=6710","title":{"rendered":"empowerment delle persone"},"content":{"rendered":"<p><strong><span style=\"color: #6600ff; font-size: medium;\">Il nostro lavoro con le Persone, Coppie e Famiglie<\/span><\/strong><\/p>\n<table width=\"100%\" cellspacing=\"0\" cellpadding=\"0\" border=\"0\" align=\"center\">\n<tbody>\n<tr>\n<td width=\"20%\" valign=\"left\" align=\"left\"><a title=\"Vai al Lavoro con le Persone, Coppie e Famiglie\" href=\"http:\/\/www.studiokappa.it\/?page_id=6710\"><img decoding=\"async\" style=\"width: 80%; height: 80%;\" src=\"http:\/\/www.studiokappa.it\/wp-content\/uploads\/2014\/02\/Famiglia.jpg\" alt=\"Persone, Coppie e Famiglie\"><\/a><\/td>\n<td width=\"0%\"><\/td>\n<td style=\"text-align: giustify; font-family: Verdana; font-size: 100%;\" width=\"80%\" valign=\"top\">Tutte le persone, in momenti diversi, per motivi diversi, incontrano difficolt\u00e0 ed ostacoli al raggiungimento del loro ben-essere. Fermarsi, analizzare la situazione, riconoscere e valorizzare ci\u00f2 che si \u00e8 raggiunto, pu\u00f2 essere un\u2019occasione per capire quale sia il modo migliore per superare i problemi e per decidere come continuare la propria strada. <strong><span style=\"color: #6600ff;\">Studio Kappa<\/span><\/strong> pu\u00f2 contare su una squadra di professionisti con competenze multidisciplinari e consolidate, colleghi affiatati che condividono prima di tutto valori ed ideali e sono motivati dall\u2019interesse a promuovere il benessere delle persone.<\/td>\n<\/tr>\n<\/tbody>\n<\/table>\n<p>Ogni individuo ha la nostra piena considerazione. Costruiamo insieme percorsi individualizzati da sviluppare individualmente, in coppia o in gruppo, con l\u2019idea fondamentale di fare tesoro dell\u2019esperienza.<br \/>\nGli obiettivi del nostro lavoro sono accompagnare la persona ad una migliore qualit\u00e0 di vita, in un percorso di piena maturazione, restituendole e riconoscendole la capacit\u00e0 di autosostenersi, di riprendere contatto con il proprio mondo emotivo, rendendosi consapevole delle proprie capacit\u00e0. Utilizziamo uno spazio che consente ad ognuno di sperimentare pienamente s\u00e9 stesso. L\u2019originalit\u00e0 di approccio e la costante ricerca di soluzioni innovative costituisce la premessa degli interventi offerti. Le metodologie attive, calibrate sui bisogni e obiettivi delle persone, sono lo strumento principe. L\u2019<strong>empowerment<\/strong> \u00e8 il cuore di ogni intervento: in tutti gli individui sono presenti importanti <strong>risorse da liberare<\/strong> e <strong>valorizzare<\/strong>, al fine di favorire autonomia e libert\u00e0 di scelta, cos\u00ec da rendere ognuno <strong>protagonista della propria crescita<\/strong>.<br \/>\n<!--\nAd ogni individuo vengono riservati il massimo della considerazione e della professionalit\u00e0 che i professionisti dello studio sanno offrire, costruendo per lui percorsi individualizzati da sviluppare individualmente, in coppia o in gruppo, con l\u2019idea fondamentale di fare tesoro dell\u2019esperienza. \nUn solido know-how relativo allo Sviluppo Personale, Educativo e Professionale, caratterizzato da una originalit\u00e0 di approccio e costante ricerca di soluzioni innovative, costituisce la premessa degli interventi offerti. Le metodologie attive, calibrate sui bisogni ed obiettivi degli utenti, sono lo strumento principe. L\u2019empowerment \u00e8 il cuore di ogni intervento: in tutti gli individui sono presenti importanti risorse da liberare e valorizzare, al fine di favorire autonomia e libert\u00e0 di scelta, cos\u00ec da rendere ognuno protagonista della propria crescita.\n--><\/p>\n<p><strong><span style=\"color: #6600ff;\">Studio Kappa<\/span><\/strong> sostiene le Persone in diverse situazioni della vita:<\/p>\n<p><img decoding=\"async\" src=\"https:\/\/lh4.googleusercontent.com\/-KUnM_IO-hAs\/TgZgN0tqEuI\/AAAAAAAAAZk\/Cachu2JnhXM\/bullet.gif\" alt=\" \" width=\"12\" height=\"11\" border=\"0\"> <a style=\"text-decoration: none;\" title=\"Vai alla pagina relativa agli interventi con gli adulti\" href=\"http:\/\/www.studiokappa.it\/?page_id=6722\">Io come Adulto<\/a><\/p>\n<p><img decoding=\"async\" src=\"https:\/\/lh4.googleusercontent.com\/-KUnM_IO-hAs\/TgZgN0tqEuI\/AAAAAAAAAZk\/Cachu2JnhXM\/bullet.gif\" alt=\" \" width=\"12\" height=\"11\" border=\"0\"> <a style=\"text-decoration: none;\" title=\"Vai alla pagina relativa agli interventi con coppie e famiglie\" href=\"http:\/\/www.studiokappa.it\/?page_id=6729\">Noi Coppia<\/a><\/p>\n<p><img decoding=\"async\" src=\"https:\/\/lh4.googleusercontent.com\/-KUnM_IO-hAs\/TgZgN0tqEuI\/AAAAAAAAAZk\/Cachu2JnhXM\/bullet.gif\" alt=\" \" width=\"12\" height=\"11\" border=\"0\"> <a style=\"text-decoration: none;\" title=\"Vai alla pagina relativa agli interventi con i bambini\" href=\"http:\/\/www.studiokappa.it\/?page_id=6731\">I nostri Bambini<\/a><\/p>\n<p><img decoding=\"async\" src=\"https:\/\/lh4.googleusercontent.com\/-KUnM_IO-hAs\/TgZgN0tqEuI\/AAAAAAAAAZk\/Cachu2JnhXM\/bullet.gif\" alt=\" \" width=\"12\" height=\"11\" border=\"0\"> <a style=\"text-decoration: none;\" title=\"Vai alla pagina relativa agli interventi con gli adolescenti\" href=\"http:\/\/www.studiokappa.it\/?page_id=6732\">I nostri ragazzi Adolescenti<\/a><\/p>\n<p><img decoding=\"async\" src=\"https:\/\/lh4.googleusercontent.com\/-KUnM_IO-hAs\/TgZgN0tqEuI\/AAAAAAAAAZk\/Cachu2JnhXM\/bullet.gif\" alt=\" \" width=\"12\" height=\"11\" border=\"0\"> <a style=\"text-decoration: none;\" title=\"Vai alla pagina relativa agli interventi con gli anziani\" href=\"http:\/\/www.studiokappa.it\/?page_id=6734\">I nostri genitori e nonni Anziani<\/a><br \/>\n<em><br \/>\n<\/em><br \/>\n<strong><span style=\"color: #6600ff;\">I professionisti che si occupano di questi temi<\/span><\/strong><\/p>\n<p><a href=\"http:\/\/www.studiokappa.it\/?page_id=156\"><img decoding=\"async\" class=\"alignleft size-full wp-image-134\" style=\"margin-left: 10px; margin-right: 10px;\" title=\"Candida Leso\" src=\"http:\/\/www.studiokappa.it\/wp-content\/uploads\/2014\/05\/Candida_Lesosmall.jpg\" alt=\"Candida Leso\" width=\"54\" height=\"64\"><\/a><a style=\"text-decoration: none;\" title=\"Candida Leso\" href=\"http:\/\/www.studiokappa.it\/?page_id=156\" target=\"_self\" rel=\"noopener noreferrer\"><strong>Candida Leso<\/strong><\/a><\/p>\n<p><a style=\"text-decoration: none;\" title=\"Candida Leso\" href=\"http:\/\/www.studiokappa.it\/?page_id=156\" target=\"_self\" rel=\"noopener noreferrer\"><em>Sviluppo Professionale e Organizzativo<\/em><\/a><br \/>\n<em><br \/>\n<\/em><br \/>\n<!--\n<img decoding=\"async\" src=\"https:\/\/lh4.googleusercontent.com\/-KUnM_IO-hAs\/TgZgN0tqEuI\/AAAAAAAAAZk\/Cachu2JnhXM\/bullet.gif\" border=\"0\" alt=\" \" width=\"12\" height=\"11\" \/> <a style=\"text-decoration: none;\" title=\"Vai alla pagina relativa a Gestire il rapporto con il territorio\" href=\"http:\/\/www.studiokappa.it\/?page_id=6736\">Io Straniero<\/a>\n<em>\n<\/em>\nPer quale ragione lavorare con noi?\n<strong><span style=\"color: #6600ff;\">Studio Kappa<\/span><\/strong>:\n\n\n<table width=\"100%\" border=\"0\" cellspacing=\"0\" cellpadding=\"0\" align=\"center\">\n\n\n<tbody>\n\n\n<tr>\n\n\n<td valign=\"top\" >1.&nbsp;<\/td>\n\n\n\n\n<td valign=\"top\" > possiede esperienza nell\u2019accompagnare Persone, Coppie e Famiglie attraverso il cambiamento;<\/td>\n\n\n<\/tr>\n\n\n\n\n<tr>\n\n\n<td valign=\"top\" >2.&nbsp;<\/td>\n\n\n\n\n<td valign=\"top\" > pu\u00f2 contare su una squadra di professionisti con competenze multidisciplinari e consolidate in contesti e situazioni diversificate e complesse;<\/td>\n\n\n<\/tr>\n\n\n\n\n<tr>\n\n\n<td valign=\"top\" >3.&nbsp;<\/td>\n\n\n\n\n<td valign=\"top\" > si caratterizza per originalit\u00e0 di approccio e costante ricerca di soluzioni innovative;\n\n\n\n<td\/><\/tr>\n\n\n\n\n<tr>\n\n\n<td valign=\"top\" >4.&nbsp;<\/td>\n\n\n\n\n<td valign=\"top\" > coniuga un know-how specifico relativo allo Sviluppo Personale e un forte orientamento ai valori, con una esperienza pluriennale nella gestione di processi psico-sociali, educativi e formativi complessi;<\/td>\n\n\n<\/tr>\n\n\n\n\n<tr>\n\n\n<td valign=\"top\" >5.&nbsp;<\/td>\n\n\n\n\n<td valign=\"top\" > crede fortemente nell\u2019empowerment, partendo dalla convinzione che in ogni individuo sono presenti importanti risorse da liberare e valorizzare;<\/td>\n\n\n<\/tr>\n\n\n\n\n<tr>\n\n\n<td valign=\"top\" >6.&nbsp;<\/td>\n\n\n\n\n<td valign=\"top\" > realizza interventi individuali o di gruppo presso le sue diverse sedi in Italia;<\/td>\n\n\n<\/tr>\n\n\n\n\n<tr>\n\n\n<td valign=\"top\" >7.&nbsp;<\/td>\n\n\n\n\n<td valign=\"top\" > gestisce seminari con gruppi costituiti.<\/td>\n\n\n<\/tr>\n\n\n<\/tbody>\n\n\n<\/table>\n\n\n--><br \/>\n<em><br \/>\n<\/em><\/p>\n","protected":false},"excerpt":{"rendered":"<p>Il nostro lavoro con le Persone, Coppie e Famiglie Tutte le persone, in momenti diversi, per motivi diversi, incontrano difficolt\u00e0 ed ostacoli al raggiungimento del loro ben-essere. Fermarsi, analizzare la situazione, riconoscere e valorizzare ci\u00f2 che si \u00e8 raggiunto, pu\u00f2 essere un\u2019occasione per capire quale sia il modo migliore per superare i problemi e per [&hellip;]<\/p>\n","protected":false},"author":1,"featured_media":0,"parent":0,"menu_order":0,"comment_status":"closed","ping_status":"closed","template":"","meta":{"footnotes":""},"class_list":["post-6710","page","type-page","status-publish","hentry"],"_links":{"self":[{"href":"https:\/\/www.studiokappa.it\/index.php?rest_route=\/wp\/v2\/pages\/6710","targetHints":{"allow":["GET"]}}],"collection":[{"href":"https:\/\/www.studiokappa.it\/index.php?rest_route=\/wp\/v2\/pages"}],"about":[{"href":"https:\/\/www.studiokappa.it\/index.php?rest_route=\/wp\/v2\/types\/page"}],"author":[{"embeddable":true,"href":"https:\/\/www.studiokappa.it\/index.php?rest_route=\/wp\/v2\/users\/1"}],"replies":[{"embeddable":true,"href":"https:\/\/www.studiokappa.it\/index.php?rest_route=%2Fwp%2Fv2%2Fcomments&post=6710"}],"version-history":[{"count":0,"href":"https:\/\/www.studiokappa.it\/index.php?rest_route=\/wp\/v2\/pages\/6710\/revisions"}],"wp:attachment":[{"href":"https:\/\/www.studiokappa.it\/index.php?rest_route=%2Fwp%2Fv2%2Fmedia&parent=6710"}],"curies":[{"name":"wp","href":"https:\/\/api.w.org\/{rel}","templated":true}]}}