{"id":20835,"date":"2024-02-07T17:24:04","date_gmt":"2024-02-07T17:24:04","guid":{"rendered":"https:\/\/www.studiokappa.it\/?page_id=20835"},"modified":"2024-03-06T16:19:21","modified_gmt":"2024-03-06T16:19:21","slug":"ll-giardino-che-accoglie-salva-e-svela-segreti","status":"publish","type":"page","link":"https:\/\/www.studiokappa.it\/?page_id=20835","title":{"rendered":"Il Giardino che accoglie, salva e svela segreti"},"content":{"rendered":"<p><strong><span style=\"color: #6600ff;font-size: medium\">Il Giardino che accoglie, salva e svela segreti<\/span><\/strong><em><span style=\"color: #6600ff;font-size: medium\"><br \/><\/span><\/em><\/p>\n<div align=\"center\"><img decoding=\"async\" style=\"width: 600px;height: 400px\" src=\"https:\/\/www.studiokappa.it\/wp-content\/uploads\/2024\/03\/IMG_20230429_172518-scaled.jpg\" \/><\/div>\n\n\n<\/p>\n<p>Milena Bellonotto (ortoterapeuta e storyteller) in collaborazione con Maurizio Zarpellon, (garden designer, fotografo e autore) iniziano il 2024 con un ciclo di incontri formativi &#8211; ripetibili su richiesta -dedicati alle <strong>potenzialit\u00e0 del Giardino in ambito turistico, terapeutico e culturale<\/strong> presso la Sede storica di Comizio Agrario di Mondov\u00ec.<\/p>\n<p>\n\n\n\n<\/p>\n<p>I primi due incontri &#8211; il 13 e 20 Gennaio 2024 &#8211; dal titolo <strong>&#8220;<em>Il Giardino come accoglienza &#8211; La funzione del giardino nell\u2019ospitalit\u00e0 green, tra storytelling e redditivit\u00e0<\/em>&#8220;<\/strong>, sono specificatamente dedicati a tutte quelle strutture ricettive quali Agriturismi, B&amp;B, glamping, alberghi diffusi, rifugi di montagna e cascine didattiche che desiderano valorizzare il proprio giardino o angolo verde, capace di stimolare i sensi e l\u2019intelletto, per progetti ecosostenibili nella forma, nei modi e nei contenuti dedicati ad adulti, famiglie e bambini.<\/p>\n<p>Il terzo e quarto incontro, invece &#8211; in data <strong>3 e 17 febbraio 2024<\/strong> &#8211; hanno come titolo <strong>&#8220;<em>Il giardino che ti salva &#8211; Il giardino come leva del cambiamento personale: giardini nutrienti per mente, corpo e spirito<\/em>&#8220;<\/strong> e parlano di come, grazie a scelte accurate e improntate alla bellezza, alla creativit\u00e0 e alla sostenibilit\u00e0 ambientale sia possibile vivere un&#8217;esperienza di vita trasformativa per s\u00e9 e per gli altri, attraverso il proprio Giardino.<\/p>\n<p>L&#8217;incontro introduce, inoltre, la figura dell\u2019ortoterapeuta attraverso testimonianze dirette e letture, per capire qualcosa in pi\u00f9 dei giardini interiori che custodiamo in fondo al cuore e dei benefici che l\u2019ortoterapia apporta a diverse tipologie di utenza.<\/p>\n<p>L&#8217;ultimo incontro (16 Marzo 2024) dal titolo <strong><em>&#8220;I Giardini segreti &#8211; Quando le Arti entrano in giardino<\/em>&#8220;<\/strong> si rivolge a chi ama il crossover e non si stanca mai di approfondire il tema attraverso l\u2019arte, la musica e la letteratura; dalla numerologia utilizzata nei giardini mistici fin dall\u2019antichit\u00e0, alla musica dei giochi d\u2019acqua nei giardini Settecenteschi, per arrivare alla musica moderna passando per la simbologia medievale dei giardini dipinti, fino alla letteratura che narra di giardini: un continuum spazio-temporale che rivela come, da sempre, il Giardino ci parli dell\u2019Umanit\u00e0 intera.<\/p>\n<p>Per informazioni e prenotazioni \u00e8 possibile scrivere a info@studiokappa.it<\/p>\n<p>\n\n\n<\/p>\n<\/p>\n\n\n<p><\/p>\n","protected":false},"excerpt":{"rendered":"<p>Il Giardino che accoglie, salva e svela segreti Milena Bellonotto (ortoterapeuta e storyteller) in collaborazione con Maurizio Zarpellon, (garden designer, fotografo e autore) iniziano il 2024 con un ciclo di incontri formativi &#8211; ripetibili su richiesta -dedicati alle potenzialit\u00e0 del Giardino in ambito turistico, terapeutico e culturale presso la Sede storica di Comizio Agrario di [&hellip;]<\/p>\n","protected":false},"author":60,"featured_media":0,"parent":0,"menu_order":0,"comment_status":"closed","ping_status":"closed","template":"","meta":{"footnotes":""},"class_list":["post-20835","page","type-page","status-publish","hentry"],"_links":{"self":[{"href":"https:\/\/www.studiokappa.it\/index.php?rest_route=\/wp\/v2\/pages\/20835","targetHints":{"allow":["GET"]}}],"collection":[{"href":"https:\/\/www.studiokappa.it\/index.php?rest_route=\/wp\/v2\/pages"}],"about":[{"href":"https:\/\/www.studiokappa.it\/index.php?rest_route=\/wp\/v2\/types\/page"}],"author":[{"embeddable":true,"href":"https:\/\/www.studiokappa.it\/index.php?rest_route=\/wp\/v2\/users\/60"}],"replies":[{"embeddable":true,"href":"https:\/\/www.studiokappa.it\/index.php?rest_route=%2Fwp%2Fv2%2Fcomments&post=20835"}],"version-history":[{"count":0,"href":"https:\/\/www.studiokappa.it\/index.php?rest_route=\/wp\/v2\/pages\/20835\/revisions"}],"wp:attachment":[{"href":"https:\/\/www.studiokappa.it\/index.php?rest_route=%2Fwp%2Fv2%2Fmedia&parent=20835"}],"curies":[{"name":"wp","href":"https:\/\/api.w.org\/{rel}","templated":true}]}}