{"id":19944,"date":"2023-05-03T08:17:43","date_gmt":"2023-05-03T08:17:43","guid":{"rendered":"https:\/\/www.studiokappa.it\/?page_id=19944"},"modified":"2024-02-06T18:04:21","modified_gmt":"2024-02-06T18:04:21","slug":"coltivare-comunita","status":"publish","type":"page","link":"https:\/\/www.studiokappa.it\/?page_id=19944","title":{"rendered":"Coltivare comunit\u00e0"},"content":{"rendered":"\n<p><\/p>\n\n\n\n<p><strong>Training, consulenze e percorsi di accompagnamento<\/strong> per scoprire e sperimentare gli strumenti di base per curare e accrescere l&#8217;essere e il fare comunit\u00e0 e realizzare concretamente il cambiamento verso un cammino comunitario.<\/p>\n\n\n\n<figure class=\"wp-block-image size-large\"><img fetchpriority=\"high\" decoding=\"async\" width=\"1024\" height=\"575\" src=\"https:\/\/www.studiokappa.it\/wp-content\/uploads\/2024\/02\/753fb477-41e6-43b6-8c74-285b5371f4b5-1024x575.jpg\" alt=\"\" class=\"wp-image-20775\" srcset=\"https:\/\/www.studiokappa.it\/wp-content\/uploads\/2024\/02\/753fb477-41e6-43b6-8c74-285b5371f4b5-1024x575.jpg 1024w, https:\/\/www.studiokappa.it\/wp-content\/uploads\/2024\/02\/753fb477-41e6-43b6-8c74-285b5371f4b5-600x337.jpg 600w, https:\/\/www.studiokappa.it\/wp-content\/uploads\/2024\/02\/753fb477-41e6-43b6-8c74-285b5371f4b5-768x432.jpg 768w, https:\/\/www.studiokappa.it\/wp-content\/uploads\/2024\/02\/753fb477-41e6-43b6-8c74-285b5371f4b5-1536x863.jpg 1536w, https:\/\/www.studiokappa.it\/wp-content\/uploads\/2024\/02\/753fb477-41e6-43b6-8c74-285b5371f4b5.jpg 1600w\" sizes=\"(max-width: 1024px) 100vw, 1024px\" \/><\/figure>\n\n\n\n<p><strong>Interventi: <\/strong><\/p>\n\n\n\n<p><\/p>\n\n\n\n<p><strong>&#8220;Identit\u00e0 e razionalit\u00e0 del noi&#8221;<\/strong> &#8211; <strong>Incontro di formazione<\/strong> alla Route nazionale per giovani futuri capi scout. A cura di Anna Zumbo Cappelletto &#8211; Cn, 29 settembre 2022<\/p>\n\n\n\n<p><strong><a href=\"https:\/\/www.facebook.com\/events\/s\/coltivare-comunita-training\/243900654783446\/\">&#8220;Coltivare comunit\u00e0&#8221;<\/a> : Strumenti e metodi per curare e&nbsp; accrescere una nuova Razionalit\u00e0 del Noi &#8211; Cinque  giorni di training esperienziale<\/strong> per sviluppare  consapevolezza di s\u00e9 con l&#8217;ascolto empatico di s\u00e9 e degli altri, la pratica di una comunicazione nonviolenta e la la gestione creativa dei conflitti. A  Narzole (CN) 2-4 giugno e 29 settembre-1 ottobre 2023 a cura di Anna Zumbo e Livia Luberto.<\/p>\n\n\n\n<p><strong>&#8220;Democrazia deliberativa, partecipazione e metodi decisionali orientati al consenso per condividere il potere e costruire comunit\u00e0&#8221; <\/strong>&#8211; <strong>Incontro di formazione<\/strong> a cura di Anna Zumbo alla Route Nazionale di Formazione a Servizio di giovani adulti scout &#8211; Treiso (Cn), 3 settembre 2021.<\/p>\n\n\n\n<p><strong>&#8220;Coltivare comunit\u00e0 &#8211; Coltivare identit\u00e0 e razionalit\u00e0 del noi&#8221;<\/strong>.  <strong>Training <\/strong>promosso dall&#8217;ass.ne Spazio Vitale e la rete delle associazioni del territorio, domenica 26 febbraio 2023, Piasco- Cn. A cura di Anna Zumbo.<\/p>\n\n\n\n<p><\/p>\n\n\n\n<p>&#8220;L\u2019educazione critica \u2013 dialogica \u2013 problematizzante come leva per lo sviluppo di comunit\u00e0 locali pi\u00f9 coese e pi\u00f9 generative&#8221;. Saggio di Anna Zumbo nel libro \u201cComunit\u00e0 che innovano. Prospettive ed esperienze per territori inclusivi\u201d edito da Franco Angeli, a cura di T. Ciampolini. <a rel=\"noreferrer noopener\" href=\"http:\/\/www.studiokappa.it\/?page_id=13775\" target=\"_blank\">http:\/\/www.studiokappa.it\/?page_id=13775<\/a><\/p>\n\n\n\n<p><\/p>\n","protected":false},"excerpt":{"rendered":"<p>Training, consulenze e percorsi di accompagnamento per scoprire e sperimentare gli strumenti di base per curare e accrescere l&#8217;essere e il fare comunit\u00e0 e realizzare concretamente il cambiamento verso un cammino comunitario. Interventi: &#8220;Identit\u00e0 e razionalit\u00e0 del noi&#8221; &#8211; Incontro di formazione alla Route nazionale per giovani futuri capi scout. A cura di Anna Zumbo [&hellip;]<\/p>\n","protected":false},"author":1,"featured_media":0,"parent":0,"menu_order":0,"comment_status":"closed","ping_status":"closed","template":"","meta":{"footnotes":""},"class_list":["post-19944","page","type-page","status-publish","hentry"],"_links":{"self":[{"href":"https:\/\/www.studiokappa.it\/index.php?rest_route=\/wp\/v2\/pages\/19944","targetHints":{"allow":["GET"]}}],"collection":[{"href":"https:\/\/www.studiokappa.it\/index.php?rest_route=\/wp\/v2\/pages"}],"about":[{"href":"https:\/\/www.studiokappa.it\/index.php?rest_route=\/wp\/v2\/types\/page"}],"author":[{"embeddable":true,"href":"https:\/\/www.studiokappa.it\/index.php?rest_route=\/wp\/v2\/users\/1"}],"replies":[{"embeddable":true,"href":"https:\/\/www.studiokappa.it\/index.php?rest_route=%2Fwp%2Fv2%2Fcomments&post=19944"}],"version-history":[{"count":0,"href":"https:\/\/www.studiokappa.it\/index.php?rest_route=\/wp\/v2\/pages\/19944\/revisions"}],"wp:attachment":[{"href":"https:\/\/www.studiokappa.it\/index.php?rest_route=%2Fwp%2Fv2%2Fmedia&parent=19944"}],"curies":[{"name":"wp","href":"https:\/\/api.w.org\/{rel}","templated":true}]}}

Coltivare comunità

<p></p>



<p><strong>Training, consulenze e percorsi di accompagnamento</strong> per scoprire e sperimentare gli strumenti di base per curare e accrescere l&#8217;essere e il fare comunità e realizzare concretamente il cambiamento verso un cammino comunitario.</p>



<figure class="wp-block-image size-large"><img fetchpriority="high" decoding="async" width="1024" height="575" src="https://www.studiokappa.it/wp-content/uploads/2024/02/753fb477-41e6-43b6-8c74-285b5371f4b5-1024x575.jpg" alt="" class="wp-image-20775" srcset="https://www.studiokappa.it/wp-content/uploads/2024/02/753fb477-41e6-43b6-8c74-285b5371f4b5-1024x575.jpg 1024w, https://www.studiokappa.it/wp-content/uploads/2024/02/753fb477-41e6-43b6-8c74-285b5371f4b5-600x337.jpg 600w, https://www.studiokappa.it/wp-content/uploads/2024/02/753fb477-41e6-43b6-8c74-285b5371f4b5-768x432.jpg 768w, https://www.studiokappa.it/wp-content/uploads/2024/02/753fb477-41e6-43b6-8c74-285b5371f4b5-1536x863.jpg 1536w, https://www.studiokappa.it/wp-content/uploads/2024/02/753fb477-41e6-43b6-8c74-285b5371f4b5.jpg 1600w" sizes="(max-width: 1024px) 100vw, 1024px" /></figure>



<p><strong>Interventi: </strong></p>



<p></p>



<p><strong>&#8220;Identità e razionalità del noi&#8221;</strong> &#8211; <strong>Incontro di formazione</strong> alla Route nazionale per giovani futuri capi scout. A cura di Anna Zumbo Cappelletto &#8211; Cn, 29 settembre 2022</p>



<p><strong><a href="https://www.facebook.com/events/s/coltivare-comunita-training/243900654783446/">&#8220;Coltivare comunità&#8221;</a> : Strumenti e metodi per curare e&nbsp; accrescere una nuova Razionalità del Noi &#8211; Cinque  giorni di training esperienziale</strong> per sviluppare  consapevolezza di sé con l&#8217;ascolto empatico di sé e degli altri, la pratica di una comunicazione nonviolenta e la la gestione creativa dei conflitti. A  Narzole (CN) 2-4 giugno e 29 settembre-1 ottobre 2023 a cura di Anna Zumbo e Livia Luberto.</p>



<p><strong>&#8220;Democrazia deliberativa, partecipazione e metodi decisionali orientati al consenso per condividere il potere e costruire comunità&#8221; </strong>&#8211; <strong>Incontro di formazione</strong> a cura di Anna Zumbo alla Route Nazionale di Formazione a Servizio di giovani adulti scout &#8211; Treiso (Cn), 3 settembre 2021.</p>



<p><strong>&#8220;Coltivare comunità &#8211; Coltivare identità e razionalità del noi&#8221;</strong>.  <strong>Training </strong>promosso dall&#8217;ass.ne Spazio Vitale e la rete delle associazioni del territorio, domenica 26 febbraio 2023, Piasco- Cn. A cura di Anna Zumbo.</p>



<p></p>



<p>&#8220;L’educazione critica – dialogica – problematizzante come leva per lo sviluppo di comunità locali più coese e più generative&#8221;. Saggio di Anna Zumbo nel libro “Comunità che innovano. Prospettive ed esperienze per territori inclusivi” edito da Franco Angeli, a cura di T. Ciampolini. <a rel="noreferrer noopener" href="http://www.studiokappa.it/?page_id=13775" target="_blank">http://www.studiokappa.it/?page_id=13775</a></p>



<p></p>

<p>Training, consulenze e percorsi di accompagnamento per scoprire e sperimentare gli strumenti di base per curare e accrescere l&#8217;essere e il fare comunità e realizzare concretamente il cambiamento verso un cammino comunitario. Interventi: &#8220;Identità e razionalità del noi&#8221; &#8211; Incontro di formazione alla Route nazionale per giovani futuri capi scout. A cura di Anna Zumbo [&hellip;]</p>
