{"id":19942,"date":"2023-05-03T08:01:08","date_gmt":"2023-05-03T08:01:08","guid":{"rendered":"https:\/\/www.studiokappa.it\/?page_id=19942"},"modified":"2024-11-19T15:02:09","modified_gmt":"2024-11-19T15:02:09","slug":"identita-e-razionalita-del-noi","status":"publish","type":"page","link":"https:\/\/www.studiokappa.it\/?page_id=19942","title":{"rendered":"Identit\u00e0 e Razionalit\u00e0 del noi"},"content":{"rendered":"<p><strong><span style=\"color: #6600ff; font-size: medium;\">Coltivare identit\u00e0 e razionalit\u00e0 del noi<\/span><\/strong><br \/><em><span style=\"color: #6600ff; font-size: medium;\">Approcci e metodi per una democrazia profonda, organizzazioni efficaci, la condivisione del potere e lo sviluppo del senso di comunit\u00e0<\/span><\/em><\/p>\n\n\n<figure class=\"wp-block-image size-full\"><img fetchpriority=\"high\" decoding=\"async\" width=\"1025\" height=\"579\" src=\"https:\/\/www.studiokappa.it\/wp-content\/uploads\/2023\/05\/Adobe_Post_20220223_1253140.05206234026097456.jpg\" alt=\"\" class=\"wp-image-19952\" srcset=\"https:\/\/www.studiokappa.it\/wp-content\/uploads\/2023\/05\/Adobe_Post_20220223_1253140.05206234026097456.jpg 1025w, https:\/\/www.studiokappa.it\/wp-content\/uploads\/2023\/05\/Adobe_Post_20220223_1253140.05206234026097456-600x339.jpg 600w, https:\/\/www.studiokappa.it\/wp-content\/uploads\/2023\/05\/Adobe_Post_20220223_1253140.05206234026097456-768x434.jpg 768w\" sizes=\"(max-width: 1025px) 100vw, 1025px\" \/><\/figure>\n\n\n\n<p><\/p>\n\n\n\n<p>Viviamo in un Paese democratico, impariamo sin da piccoli che il sistema democratico \u00e8 il migliore, il pi\u00f9 democratico, ma\u2026<\/p>\n\n\n\n<p>Assistiamo ad una preoccupante regressione della democrazia negli Stati di tutto il mondo e se guardiamo dentro alla democrazia \u00e8 facile rendersi conto che cos\u00ec come questa \u00e8 strutturata NON \u00e8 un sistema che permette l\u2019espressione della pienezza che ogni persona porta in s\u00e9, n\u00e9 tanto meno la migliore delle possibilit\u00e0 in cui le persone possano partecipare con la propria unicit\u00e0 e potenzialit\u00e0 alla definizione della comune convivenza. <\/p>\n\n\n\n<p>La natura dicotomica della democrazia di cui facciamo esperienza, la contrapposizione e l&#8217;alternarsi di maggioranza e minoranza, semplificano, riducono e banalizzano la generativa complessit\u00e0 dell&#8217;esistente, delle posizioni, delle relazioni, degli orizzonti, delle scelte, sia fuori che dentro di noi.<\/p>\n\n\n\n<p>Per costruire un mondo di pace, in noi e intorno a noi, una comunit\u00e0 coesa, inclusiva, responsabile, generativa, \u2026. serve fare un salto di qualit\u00e0 e \u201cdemocratizzare la democrazia attraverso la stessa democrazia\u201d.<\/p>\n\n\n\n<p>Costruendo, a partire da noi, dalle nostre organizzazioni, dai nostri territori, forme di governance che riconoscano ed includano la diversit\u00e0, che ricerchino e riconoscano l\u2019uguaglianza effettiva delle possibilit\u00e0 di \u201cprendere parte\u201d, che siano a servizio della comunit\u00e0 intera e non di una o dell\u2019altra parte.<\/p>\n\n\n\n<p>Serve costruire una nuova identit\u00e0 al plurale, una nuova razionalit\u00e0 del NOI (di un NOI in senso ampio che tende a TUTTI e non in quella di un IO pi\u00f9 ampio) ed apprendere su larga scala nuove modalit\u00e0 di relazione, di ascolto e di dialogo, di gestione dei conflitti, di assunzione di decisioni, di costruzione di scenari, visioni e strategie che siano partecipative, generative, collaborative e non violente, che superino la visione individualista, mercantilista e capitalista dell\u2019esistenza e ci proiettino in una visione ecologica del noi in relazione armoniosa con il tutto.<\/p>\n\n\n<p>A partire da queste considerazioni, si sviluppa negli anni, l&#8217;attivit\u00e0 di <strong>Anna Zumbo<\/strong> nella ricerca, facilitazione e\u00a0 sperimentazione di molteplici percorsi in diversi contesti e aree del mondo, sempre a che sostengono, promozione e accrescimento del senso di comunit\u00e0 dentro organizzazioni di diversa natura ed ampiezza.<\/p>\n<p>Si strutturano, da questa ampia esperienza, molteplici percorsi formativi e consulenziali con cui Anna Zumbo accompagna <strong>enti pubblici, imprese, enti del terzo settore, movimenti e gruppi informali<\/strong> di cittadini organizzati\u00a0 a sviluppare <a style=\"text-decoration: none;\" data-type=\"page\" data-id=\"19946\">progetti che mobilitano gruppi di azione e fanno comunit\u00e0.<\/a><\/p>\n<p>Diversi sono gli assi di questo lavoro, che muovono da un lavoro profondo personale dentro di s\u00e9, attraversano le diverse forme organizzative e si allargano alla partecipazione sociale e politica.<\/p>\n<p>Questi alcuni dei nuclei tematici su cui si strutturano i contenuti, i format e le metodologie di ogni intervento.\u00a0 Per una panoramica sugli interventi formativi, training e laboratori, segui i link.<\/p>\n<p>&#8211; <a style=\"text-decoration: none;\" href=\"https:\/\/www.studiokappa.it\/?page_id=19944\"><strong>Coltivare comunit\u00e0<\/strong>: <\/a>percorsi di crescita personale, competenze relazionali e strumenti per la facilitazione dei gruppi (l&#8217;approccio nonviolento, la gestione creativa dei conflitti, la facilitazione diffusa, <a style=\"text-decoration: none;\" href=\"https:\/\/www.studiokappa.it\/?page_id=14468\">i metodi decisionali orientati al consenso<\/a>, etc.)<\/p>\n<p><a style=\"text-decoration: none;\" href=\"https:\/\/www.studiokappa.it\/?page_id=20765\">&#8211;<strong>Identit\u00e0 e razionalit\u00e0 del noi<\/strong><\/a>: lo scheletro di comunit\u00e0 aperte, coese, potenti e generative<\/p>\n<p>&#8211;<a style=\"text-decoration: none;\"><strong>Il welfare di comunit\u00e0<\/strong><\/a>: innovazione, sviluppo e coesione sociale a base comunitaria\u00a0<\/p>\n<p>&#8211;<strong>La co-progettazione vision driven e community based<\/strong>: il con-dividere che moltiplica possibilit\u00e0, risorse e impatto sui territori<\/p>\n<p>&#8211;<strong>La democrazia deliberativa e i processi di empowerment<\/strong>: trasformare &#8220;il MIO potere su&#8221; in &#8220;il NOSTRO potere di&#8221;\u00a0<\/p>\n<p><a style=\"text-decoration: none;\" href=\"https:\/\/www.studiokappa.it\/?page_id=16145\">&#8211;<strong>L&#8217;auto-rafforzamento delle organizzazioni<\/strong><\/a>: i modelli organizzativi a rete e la sociocrazia<\/p>\n<p>&#8211;<strong>La pratica dell&#8217;auto-gestione<\/strong>: la capacit\u00e0 di vedere quel che ancora non c&#8217;\u00e8 e di costruirlo insieme<\/p>\n<p><a style=\"text-decoration: none;\" href=\"https:\/\/www.studiokappa.it\/?page_id=13979\">&#8211;<strong>L&#8217;educazione come pratica della libert\u00e0<\/strong><\/a> e l&#8217;educazione non direttiva come premessa indispensabile<\/p>\n<p><a style=\"text-decoration: none;\" href=\"https:\/\/www.studiokappa.it\/?page_id=20768\">&#8211;<strong>La partecipazione sociale e politica<\/strong><\/a>: <strong>la costruzione del &#8220;collettivo&#8221;<\/strong> ed il <strong>community engagement<\/strong><\/p>\n<p><strong>Per approfondire:<\/strong><\/p>\n<p><!-- \/wp:post-content --><\/p>\n<p><!-- wp:paragraph --><\/p>\n<p>&#8220;<strong><a style=\"text-decoration: none;\">L\u2019educazione critica \u2013 dialogica \u2013 problematizzante come leva per lo sviluppo di comunit\u00e0 locali pi\u00f9 coese e pi\u00f9 generative<\/a><\/strong>&#8220;. Saggio di Anna Zumbo nel libro \u201cComunit\u00e0 che innovano. Prospettive ed esperienze per territori inclusivi\u201d edito da Franco Angeli, a cura di T. Ciampolini.<\/p>\n<p><!-- \/wp:paragraph --><\/p>","protected":false},"excerpt":{"rendered":"<p>Coltivare identit\u00e0 e razionalit\u00e0 del noiApprocci e metodi per una democrazia profonda, organizzazioni efficaci, la condivisione del potere e lo sviluppo del senso di comunit\u00e0 Viviamo in un Paese democratico, impariamo sin da piccoli che il sistema democratico \u00e8 il migliore, il pi\u00f9 democratico, ma\u2026 Assistiamo ad una preoccupante regressione della democrazia negli Stati di [&hellip;]<\/p>\n","protected":false},"author":1,"featured_media":0,"parent":0,"menu_order":0,"comment_status":"closed","ping_status":"closed","template":"","meta":{"footnotes":""},"class_list":["post-19942","page","type-page","status-publish","hentry"],"_links":{"self":[{"href":"https:\/\/www.studiokappa.it\/index.php?rest_route=\/wp\/v2\/pages\/19942","targetHints":{"allow":["GET"]}}],"collection":[{"href":"https:\/\/www.studiokappa.it\/index.php?rest_route=\/wp\/v2\/pages"}],"about":[{"href":"https:\/\/www.studiokappa.it\/index.php?rest_route=\/wp\/v2\/types\/page"}],"author":[{"embeddable":true,"href":"https:\/\/www.studiokappa.it\/index.php?rest_route=\/wp\/v2\/users\/1"}],"replies":[{"embeddable":true,"href":"https:\/\/www.studiokappa.it\/index.php?rest_route=%2Fwp%2Fv2%2Fcomments&post=19942"}],"version-history":[{"count":0,"href":"https:\/\/www.studiokappa.it\/index.php?rest_route=\/wp\/v2\/pages\/19942\/revisions"}],"wp:attachment":[{"href":"https:\/\/www.studiokappa.it\/index.php?rest_route=%2Fwp%2Fv2%2Fmedia&parent=19942"}],"curies":[{"name":"wp","href":"https:\/\/api.w.org\/{rel}","templated":true}]}}

Identità e Razionalità del noi

<p><strong><span style="color: #6600ff; font-size: medium;">Coltivare identità e razionalità del noi</span></strong><br /><em><span style="color: #6600ff; font-size: medium;">Approcci e metodi per una democrazia profonda, organizzazioni efficaci, la condivisione del potere e lo sviluppo del senso di comunità</span></em></p>


<figure class="wp-block-image size-full"><img fetchpriority="high" decoding="async" width="1025" height="579" src="https://www.studiokappa.it/wp-content/uploads/2023/05/Adobe_Post_20220223_1253140.05206234026097456.jpg" alt="" class="wp-image-19952" srcset="https://www.studiokappa.it/wp-content/uploads/2023/05/Adobe_Post_20220223_1253140.05206234026097456.jpg 1025w, https://www.studiokappa.it/wp-content/uploads/2023/05/Adobe_Post_20220223_1253140.05206234026097456-600x339.jpg 600w, https://www.studiokappa.it/wp-content/uploads/2023/05/Adobe_Post_20220223_1253140.05206234026097456-768x434.jpg 768w" sizes="(max-width: 1025px) 100vw, 1025px" /></figure>



<p></p>



<p>Viviamo in un Paese democratico, impariamo sin da piccoli che il sistema democratico è il migliore, il più democratico, ma…</p>



<p>Assistiamo ad una preoccupante regressione della democrazia negli Stati di tutto il mondo e se guardiamo dentro alla democrazia è facile rendersi conto che così come questa è strutturata NON è un sistema che permette l’espressione della pienezza che ogni persona porta in sé, né tanto meno la migliore delle possibilità in cui le persone possano partecipare con la propria unicità e potenzialità alla definizione della comune convivenza. </p>



<p>La natura dicotomica della democrazia di cui facciamo esperienza, la contrapposizione e l&#8217;alternarsi di maggioranza e minoranza, semplificano, riducono e banalizzano la generativa complessità dell&#8217;esistente, delle posizioni, delle relazioni, degli orizzonti, delle scelte, sia fuori che dentro di noi.</p>



<p>Per costruire un mondo di pace, in noi e intorno a noi, una comunità coesa, inclusiva, responsabile, generativa, …. serve fare un salto di qualità e “democratizzare la democrazia attraverso la stessa democrazia”.</p>



<p>Costruendo, a partire da noi, dalle nostre organizzazioni, dai nostri territori, forme di governance che riconoscano ed includano la diversità, che ricerchino e riconoscano l’uguaglianza effettiva delle possibilità di “prendere parte”, che siano a servizio della comunità intera e non di una o dell’altra parte.</p>



<p>Serve costruire una nuova identità al plurale, una nuova razionalità del NOI (di un NOI in senso ampio che tende a TUTTI e non in quella di un IO più ampio) ed apprendere su larga scala nuove modalità di relazione, di ascolto e di dialogo, di gestione dei conflitti, di assunzione di decisioni, di costruzione di scenari, visioni e strategie che siano partecipative, generative, collaborative e non violente, che superino la visione individualista, mercantilista e capitalista dell’esistenza e ci proiettino in una visione ecologica del noi in relazione armoniosa con il tutto.</p>


<p>A partire da queste considerazioni, si sviluppa negli anni, l&#8217;attività di <strong>Anna Zumbo</strong> nella ricerca, facilitazione e  sperimentazione di molteplici percorsi in diversi contesti e aree del mondo, sempre a che sostengono, promozione e accrescimento del senso di comunità dentro organizzazioni di diversa natura ed ampiezza.</p>
<p>Si strutturano, da questa ampia esperienza, molteplici percorsi formativi e consulenziali con cui Anna Zumbo accompagna <strong>enti pubblici, imprese, enti del terzo settore, movimenti e gruppi informali</strong> di cittadini organizzati  a sviluppare <a style="text-decoration: none;" data-type="page" data-id="19946">progetti che mobilitano gruppi di azione e fanno comunità.</a></p>
<p>Diversi sono gli assi di questo lavoro, che muovono da un lavoro profondo personale dentro di sé, attraversano le diverse forme organizzative e si allargano alla partecipazione sociale e politica.</p>
<p>Questi alcuni dei nuclei tematici su cui si strutturano i contenuti, i format e le metodologie di ogni intervento.  Per una panoramica sugli interventi formativi, training e laboratori, segui i link.</p>
<p>&#8211; <a style="text-decoration: none;" href="https://www.studiokappa.it/?page_id=19944"><strong>Coltivare comunità</strong>: </a>percorsi di crescita personale, competenze relazionali e strumenti per la facilitazione dei gruppi (l&#8217;approccio nonviolento, la gestione creativa dei conflitti, la facilitazione diffusa, <a style="text-decoration: none;" href="https://www.studiokappa.it/?page_id=14468">i metodi decisionali orientati al consenso</a>, etc.)</p>
<p><a style="text-decoration: none;" href="https://www.studiokappa.it/?page_id=20765">&#8211;<strong>Identità e razionalità del noi</strong></a>: lo scheletro di comunità aperte, coese, potenti e generative</p>
<p>&#8211;<a style="text-decoration: none;"><strong>Il welfare di comunità</strong></a>: innovazione, sviluppo e coesione sociale a base comunitaria </p>
<p>&#8211;<strong>La co-progettazione vision driven e community based</strong>: il con-dividere che moltiplica possibilità, risorse e impatto sui territori</p>
<p>&#8211;<strong>La democrazia deliberativa e i processi di empowerment</strong>: trasformare &#8220;il MIO potere su&#8221; in &#8220;il NOSTRO potere di&#8221; </p>
<p><a style="text-decoration: none;" href="https://www.studiokappa.it/?page_id=16145">&#8211;<strong>L&#8217;auto-rafforzamento delle organizzazioni</strong></a>: i modelli organizzativi a rete e la sociocrazia</p>
<p>&#8211;<strong>La pratica dell&#8217;auto-gestione</strong>: la capacità di vedere quel che ancora non c&#8217;è e di costruirlo insieme</p>
<p><a style="text-decoration: none;" href="https://www.studiokappa.it/?page_id=13979">&#8211;<strong>L&#8217;educazione come pratica della libertà</strong></a> e l&#8217;educazione non direttiva come premessa indispensabile</p>
<p><a style="text-decoration: none;" href="https://www.studiokappa.it/?page_id=20768">&#8211;<strong>La partecipazione sociale e politica</strong></a>: <strong>la costruzione del &#8220;collettivo&#8221;</strong> ed il <strong>community engagement</strong></p>
<p><strong>Per approfondire:</strong></p>
<p><!-- /wp:post-content --></p>
<p><!-- wp:paragraph --></p>
<p>&#8220;<strong><a style="text-decoration: none;">L’educazione critica – dialogica – problematizzante come leva per lo sviluppo di comunità locali più coese e più generative</a></strong>&#8220;. Saggio di Anna Zumbo nel libro “Comunità che innovano. Prospettive ed esperienze per territori inclusivi” edito da Franco Angeli, a cura di T. Ciampolini.</p>
<p><!-- /wp:paragraph --></p>

<p>Coltivare identità e razionalità del noiApprocci e metodi per una democrazia profonda, organizzazioni efficaci, la condivisione del potere e lo sviluppo del senso di comunità Viviamo in un Paese democratico, impariamo sin da piccoli che il sistema democratico è il migliore, il più democratico, ma… Assistiamo ad una preoccupante regressione della democrazia negli Stati di [&hellip;]</p>
