{"id":18822,"date":"2022-12-10T09:30:52","date_gmt":"2022-12-10T09:30:52","guid":{"rendered":"https:\/\/www.studiokappa.it\/?page_id=18822"},"modified":"2022-12-10T13:26:40","modified_gmt":"2022-12-10T13:26:40","slug":"ricerca-azione-partecipata","status":"publish","type":"page","link":"https:\/\/www.studiokappa.it\/?page_id=18822","title":{"rendered":"Ricerca-Azione-Partecipata"},"content":{"rendered":"<p><strong><span style=\"color: #6600ff;font-size: medium\">Ricerca-Azione-Partecipata e Comunit\u00e0 Locali<\/span><\/strong><br \/>\n<em><span style=\"color: #6600ff;font-size: medium\">Training di sperimentazione della Ricerca-Azione-Partecipata con le Comunit\u00e0 Locali<\/span><\/em><\/p>\n<div align=\"center\"><a title=\"Scarica il depliant informativo\" href=\"https:\/\/www.studiokappa.it\/wp-content\/uploads\/2022\/12\/2023.09.16-RAP-1.pdf\"><img decoding=\"async\" src=\"https:\/\/www.studiokappa.it\/wp-content\/uploads\/2022\/12\/RAP.jpg\" style=\"width:800px;height:400px;\"><\/a><\/div>\n<p>Le citt\u00e0 non sono pi\u00f9 dei dormitori, dove stanchi lavoratori rientrano a riposare per essere pronti al mattino successivo a rientrare ritemprati nei luoghi di produzione per realizzare prodotti di consumo.<\/p>\n<p>Sempre pi\u00f9 oggi, le citt\u00e0 sono <strong>luogo di costruzione di politiche pubbliche<\/strong> in cui <strong>uomini e donne pensanti<\/strong> contribuiscono insieme alla <strong>trasformazione della porzione di mondo<\/strong> in cui vivono.<\/p>\n<p>Nella giornata formativa di <strong>Sabato 19 Settembre 2023<\/strong>, a <strong>Lugano<\/strong> (in Svizzera), si sperimenta direttamente in un contesto urbano la <strong>Ricerca-Azione con i cittadini<\/strong>, nei luoghi di ritrovo e di vita degli stessi.<\/p>\n<p><a style=\"text-decoration: none;\" title=\"Simone Deflorian\" href=\"http:\/\/www.studiokappa.it\/?page_id=108\" target=\"_self\" rel=\"noopener noreferrer\">Simone Deflorian<\/a> conduce il momento formativo, alternando momenti di sessione e studio a momenti in cui si affinano le competenze, le tecniche e le modalit\u00e0 della <strong>ricerca sociale destrutturata<\/strong> e realizzata attraverso il Dialogo Critico.<\/p>\n<p>L\u2019evento \u00e8 utile per tutti quei soggetti impegnati professionalmente, per ruolo istituzionale o per interesse personale a <strong>costruire progettualit\u00e0 e decisioni insieme con le comunit\u00e0 locali<\/strong>, rendendole soggetti attivi delle analisi, dell\u2019individuazione di problemi e soluzioni e della ricerca e messa a disposizione di risorse comunitarie in una prospettiva di miglioramento della qualit\u00e0 del vivere comune e del senso di cittadinanza delle comunit\u00e0.<br \/>\n<em><br \/>\n<\/em><br \/>\n<a style=\"text-decoration: none;\" title=\"Scarica il depliant informativo\" href=\"https:\/\/www.studiokappa.it\/wp-content\/uploads\/2022\/12\/2023.09.16-RAP-1.pdf\">Scarica il depliant informativo<\/a><\/p>\n<p><a style=\"text-decoration: none;\" title=\"Iscriviti al training\" href=\"http:\/\/www.studiokappa.it\/?page_id=4059\">Iscriviti al training<\/a><br \/>\n<em><br \/>\n<\/em><\/p>\n","protected":false},"excerpt":{"rendered":"<p>Ricerca-Azione-Partecipata e Comunit\u00e0 Locali Training di sperimentazione della Ricerca-Azione-Partecipata con le Comunit\u00e0 Locali Le citt\u00e0 non sono pi\u00f9 dei dormitori, dove stanchi lavoratori rientrano a riposare per essere pronti al mattino successivo a rientrare ritemprati nei luoghi di produzione per realizzare prodotti di consumo. Sempre pi\u00f9 oggi, le citt\u00e0 sono luogo di costruzione di politiche [&hellip;]<\/p>\n","protected":false},"author":1,"featured_media":0,"parent":0,"menu_order":0,"comment_status":"closed","ping_status":"closed","template":"","meta":{"footnotes":""},"class_list":["post-18822","page","type-page","status-publish","hentry"],"_links":{"self":[{"href":"https:\/\/www.studiokappa.it\/index.php?rest_route=\/wp\/v2\/pages\/18822","targetHints":{"allow":["GET"]}}],"collection":[{"href":"https:\/\/www.studiokappa.it\/index.php?rest_route=\/wp\/v2\/pages"}],"about":[{"href":"https:\/\/www.studiokappa.it\/index.php?rest_route=\/wp\/v2\/types\/page"}],"author":[{"embeddable":true,"href":"https:\/\/www.studiokappa.it\/index.php?rest_route=\/wp\/v2\/users\/1"}],"replies":[{"embeddable":true,"href":"https:\/\/www.studiokappa.it\/index.php?rest_route=%2Fwp%2Fv2%2Fcomments&post=18822"}],"version-history":[{"count":0,"href":"https:\/\/www.studiokappa.it\/index.php?rest_route=\/wp\/v2\/pages\/18822\/revisions"}],"wp:attachment":[{"href":"https:\/\/www.studiokappa.it\/index.php?rest_route=%2Fwp%2Fv2%2Fmedia&parent=18822"}],"curies":[{"name":"wp","href":"https:\/\/api.w.org\/{rel}","templated":true}]}}

<p><strong><span style="color: #6600ff;font-size: medium">Ricerca-Azione-Partecipata e Comunità Locali</span></strong><br />
<em><span style="color: #6600ff;font-size: medium">Training di sperimentazione della Ricerca-Azione-Partecipata con le Comunità Locali</span></em></p>
<div align="center"><a title="Scarica il depliant informativo" href="https://www.studiokappa.it/wp-content/uploads/2022/12/2023.09.16-RAP-1.pdf"><img decoding="async" src="https://www.studiokappa.it/wp-content/uploads/2022/12/RAP.jpg" style="width:800px;height:400px;"></a></div>
<p>Le città non sono più dei dormitori, dove stanchi lavoratori rientrano a riposare per essere pronti al mattino successivo a rientrare ritemprati nei luoghi di produzione per realizzare prodotti di consumo.</p>
<p>Sempre più oggi, le città sono <strong>luogo di costruzione di politiche pubbliche</strong> in cui <strong>uomini e donne pensanti</strong> contribuiscono insieme alla <strong>trasformazione della porzione di mondo</strong> in cui vivono.</p>
<p>Nella giornata formativa di <strong>Sabato 19 Settembre 2023</strong>, a <strong>Lugano</strong> (in Svizzera), si sperimenta direttamente in un contesto urbano la <strong>Ricerca-Azione con i cittadini</strong>, nei luoghi di ritrovo e di vita degli stessi.</p>
<p><a style="text-decoration: none;" title="Simone Deflorian" href="http://www.studiokappa.it/?page_id=108" target="_self" rel="noopener noreferrer">Simone Deflorian</a> conduce il momento formativo, alternando momenti di sessione e studio a momenti in cui si affinano le competenze, le tecniche e le modalità della <strong>ricerca sociale destrutturata</strong> e realizzata attraverso il Dialogo Critico.</p>
<p>L’evento è utile per tutti quei soggetti impegnati professionalmente, per ruolo istituzionale o per interesse personale a <strong>costruire progettualità e decisioni insieme con le comunità locali</strong>, rendendole soggetti attivi delle analisi, dell’individuazione di problemi e soluzioni e della ricerca e messa a disposizione di risorse comunitarie in una prospettiva di miglioramento della qualità del vivere comune e del senso di cittadinanza delle comunità.<br />
<em><br />
</em><br />
<a style="text-decoration: none;" title="Scarica il depliant informativo" href="https://www.studiokappa.it/wp-content/uploads/2022/12/2023.09.16-RAP-1.pdf">Scarica il depliant informativo</a></p>
<p><a style="text-decoration: none;" title="Iscriviti al training" href="http://www.studiokappa.it/?page_id=4059">Iscriviti al training</a><br />
<em><br />
</em></p>

<p>Ricerca-Azione-Partecipata e Comunità Locali Training di sperimentazione della Ricerca-Azione-Partecipata con le Comunità Locali Le città non sono più dei dormitori, dove stanchi lavoratori rientrano a riposare per essere pronti al mattino successivo a rientrare ritemprati nei luoghi di produzione per realizzare prodotti di consumo. Sempre più oggi, le città sono luogo di costruzione di politiche [&hellip;]</p>
