{"id":18821,"date":"2022-12-10T09:30:31","date_gmt":"2022-12-10T09:30:31","guid":{"rendered":"https:\/\/www.studiokappa.it\/?page_id=18821"},"modified":"2022-12-10T13:24:43","modified_gmt":"2022-12-10T13:24:43","slug":"decidiamo-noi-per-noi","status":"publish","type":"page","link":"https:\/\/www.studiokappa.it\/?page_id=18821","title":{"rendered":"Decidiamo Noi per Noi"},"content":{"rendered":"<p><strong><span style=\"color: #6600ff;font-size: medium\">Decidiamo Noi per Noi<\/span><\/strong><br \/>\n<em><span style=\"color: #6600ff;font-size: medium\">Imparare a facilitare l\u2019assunzione di potere e responsabilit\u00e0 delle persone e delle comunit\u00e0<\/span><\/em><\/p>\n<div align=\"center\"><a title=\"Scarica il depliant informativo\" href=\"https:\/\/www.studiokappa.it\/wp-content\/uploads\/2022\/12\/2023.06.17-Decidiamo-1.pdf\"><img decoding=\"async\" src=\"https:\/\/www.studiokappa.it\/wp-content\/uploads\/2022\/12\/Decidiamo.jpg\" style=\"width:600px;height:400px;\"><\/a><\/div>\n<p>Viviamo un momento di crisi della forza decisionale, di <strong>auto-determinazione<\/strong> delle persone e di <strong>capacit\u00e0 di orientamento<\/strong> e <strong>influenzamento<\/strong> delle <strong>politiche pubbliche locali<\/strong>.<\/p>\n<p>La gente \u00e8 stanca e delega passivamente le scelte della propria vita, lasciandosi vivere, piuttosto che mettersi al timone e governare situazioni ed eventi di vita che possono portare alla felicit\u00e0 di tutti.<\/p>\n<p>Il training di <strong>crescita personale e comunitaria<\/strong> di <strong>Sabato 17 Giugno<\/strong>, a <strong>Rimini<\/strong>, ripercorre le tappe fondamentali della traiettoria di vita delle persone partecipanti e le osserva da un punto di vista antropologico.<\/p>\n<p>I partecipanti si misurano in relazione al gruppo e rafforzano esperienza e consapevolezza di s\u00e9, del proprio potenziale. Ricostruiscono una propria personale e autodeterminata autostima e forza.<\/p>\n<p>Alimentano le <strong>centrali del proprio potere<\/strong>.<\/p>\n<p>Riconoscono i meccanismi, le situazioni e le fonti che creano in loro dipendenza e rassegnazione.<\/p>\n<p>Insieme con gli altri <strong>rigenerano un processo personale e comunitario di liberazione<\/strong> e di <strong>autodeterminazione<\/strong> della propria traiettoria di vita e\/o professionale.<\/p>\n<p>Questa giornata di lavoro guidata da <a style=\"text-decoration: none;\" title=\"Simone Deflorian\" href=\"http:\/\/www.studiokappa.it\/?page_id=108\" target=\"_self\" rel=\"noopener noreferrer\">Simone Deflorian<\/a> muove verso un rafforzamento dell\u2019identit\u00e0 delle persone e del gruppo.<br \/>\n<em><br \/>\n<\/em><br \/>\n<a style=\"text-decoration: none;\" title=\"Scarica il depliant informativo\" href=\"https:\/\/www.studiokappa.it\/wp-content\/uploads\/2022\/12\/2023.06.17-Decidiamo-1.pdf\">Scarica il depliant informativo<\/a><\/p>\n<p><a style=\"text-decoration: none;\" title=\"Iscriviti al training\" href=\"http:\/\/www.studiokappa.it\/?page_id=4059\">Iscriviti al training<\/a><br \/>\n<em><br \/>\n<\/em><\/p>\n","protected":false},"excerpt":{"rendered":"<p>Decidiamo Noi per Noi Imparare a facilitare l\u2019assunzione di potere e responsabilit\u00e0 delle persone e delle comunit\u00e0 Viviamo un momento di crisi della forza decisionale, di auto-determinazione delle persone e di capacit\u00e0 di orientamento e influenzamento delle politiche pubbliche locali. La gente \u00e8 stanca e delega passivamente le scelte della propria vita, lasciandosi vivere, piuttosto [&hellip;]<\/p>\n","protected":false},"author":1,"featured_media":0,"parent":0,"menu_order":0,"comment_status":"closed","ping_status":"closed","template":"","meta":{"footnotes":""},"class_list":["post-18821","page","type-page","status-publish","hentry"],"_links":{"self":[{"href":"https:\/\/www.studiokappa.it\/index.php?rest_route=\/wp\/v2\/pages\/18821","targetHints":{"allow":["GET"]}}],"collection":[{"href":"https:\/\/www.studiokappa.it\/index.php?rest_route=\/wp\/v2\/pages"}],"about":[{"href":"https:\/\/www.studiokappa.it\/index.php?rest_route=\/wp\/v2\/types\/page"}],"author":[{"embeddable":true,"href":"https:\/\/www.studiokappa.it\/index.php?rest_route=\/wp\/v2\/users\/1"}],"replies":[{"embeddable":true,"href":"https:\/\/www.studiokappa.it\/index.php?rest_route=%2Fwp%2Fv2%2Fcomments&post=18821"}],"version-history":[{"count":0,"href":"https:\/\/www.studiokappa.it\/index.php?rest_route=\/wp\/v2\/pages\/18821\/revisions"}],"wp:attachment":[{"href":"https:\/\/www.studiokappa.it\/index.php?rest_route=%2Fwp%2Fv2%2Fmedia&parent=18821"}],"curies":[{"name":"wp","href":"https:\/\/api.w.org\/{rel}","templated":true}]}}

<p><strong><span style="color: #6600ff;font-size: medium">Decidiamo Noi per Noi</span></strong><br />
<em><span style="color: #6600ff;font-size: medium">Imparare a facilitare l’assunzione di potere e responsabilità delle persone e delle comunità</span></em></p>
<div align="center"><a title="Scarica il depliant informativo" href="https://www.studiokappa.it/wp-content/uploads/2022/12/2023.06.17-Decidiamo-1.pdf"><img decoding="async" src="https://www.studiokappa.it/wp-content/uploads/2022/12/Decidiamo.jpg" style="width:600px;height:400px;"></a></div>
<p>Viviamo un momento di crisi della forza decisionale, di <strong>auto-determinazione</strong> delle persone e di <strong>capacità di orientamento</strong> e <strong>influenzamento</strong> delle <strong>politiche pubbliche locali</strong>.</p>
<p>La gente è stanca e delega passivamente le scelte della propria vita, lasciandosi vivere, piuttosto che mettersi al timone e governare situazioni ed eventi di vita che possono portare alla felicità di tutti.</p>
<p>Il training di <strong>crescita personale e comunitaria</strong> di <strong>Sabato 17 Giugno</strong>, a <strong>Rimini</strong>, ripercorre le tappe fondamentali della traiettoria di vita delle persone partecipanti e le osserva da un punto di vista antropologico.</p>
<p>I partecipanti si misurano in relazione al gruppo e rafforzano esperienza e consapevolezza di sé, del proprio potenziale. Ricostruiscono una propria personale e autodeterminata autostima e forza.</p>
<p>Alimentano le <strong>centrali del proprio potere</strong>.</p>
<p>Riconoscono i meccanismi, le situazioni e le fonti che creano in loro dipendenza e rassegnazione.</p>
<p>Insieme con gli altri <strong>rigenerano un processo personale e comunitario di liberazione</strong> e di <strong>autodeterminazione</strong> della propria traiettoria di vita e/o professionale.</p>
<p>Questa giornata di lavoro guidata da <a style="text-decoration: none;" title="Simone Deflorian" href="http://www.studiokappa.it/?page_id=108" target="_self" rel="noopener noreferrer">Simone Deflorian</a> muove verso un rafforzamento dell’identità delle persone e del gruppo.<br />
<em><br />
</em><br />
<a style="text-decoration: none;" title="Scarica il depliant informativo" href="https://www.studiokappa.it/wp-content/uploads/2022/12/2023.06.17-Decidiamo-1.pdf">Scarica il depliant informativo</a></p>
<p><a style="text-decoration: none;" title="Iscriviti al training" href="http://www.studiokappa.it/?page_id=4059">Iscriviti al training</a><br />
<em><br />
</em></p>

<p>Decidiamo Noi per Noi Imparare a facilitare l’assunzione di potere e responsabilità delle persone e delle comunità Viviamo un momento di crisi della forza decisionale, di auto-determinazione delle persone e di capacità di orientamento e influenzamento delle politiche pubbliche locali. La gente è stanca e delega passivamente le scelte della propria vita, lasciandosi vivere, piuttosto [&hellip;]</p>
