{"id":18817,"date":"2022-12-10T09:27:19","date_gmt":"2022-12-10T09:27:19","guid":{"rendered":"https:\/\/www.studiokappa.it\/?page_id=18817"},"modified":"2022-12-10T12:02:48","modified_gmt":"2022-12-10T12:02:48","slug":"autoeducarci-alla-pace","status":"publish","type":"page","link":"https:\/\/www.studiokappa.it\/?page_id=18817","title":{"rendered":"AutoEducarci alla Pace"},"content":{"rendered":"<p><strong><span style=\"color: #6600ff;font-size: medium\">AutoEducarci alla Pace<\/span><\/strong><br \/>\n<em><span style=\"color: #6600ff;font-size: medium\">Training per auto-educarci a coscienza critica, responsabilit\u00e0, libert\u00e0 per costruire un mondo di pace<\/span><\/em><\/p>\n<div align=\"center\"><a title=\"Scarica il depliant informativo\" href=\"https:\/\/www.studiokappa.it\/wp-content\/uploads\/2022\/12\/2023.03.25-AutoEducarciAllaPace-1.pdf\"><img decoding=\"async\" src=\"https:\/\/www.studiokappa.it\/wp-content\/uploads\/2022\/12\/AutoEducarci.jpg\" style=\"width:800px;height:400px;\"><\/a><\/div>\n<p>Educare alla Pace significa innanzitutto educare s\u00e8 stessi ad essere uomini e donne di pace, critici, responsabili e liberi.<\/p>\n<p>Ad <strong>Imola (BO)<\/strong>, <strong>Sabato 25 Marzo 2023<\/strong>, <a style=\"text-decoration: none;\" title=\"Simone Deflorian\" href=\"http:\/\/www.studiokappa.it\/?page_id=108\" target=\"_self\" rel=\"noopener noreferrer\">Simone Deflorian<\/a> realizza una giornata di formazione per allenarsi insieme alla <strong>coscienza critica<\/strong>, al <strong>senso di responsabilit\u00e0 collettiva<\/strong> e alla <strong>libert\u00e0 dalle manipolazioni<\/strong>, dai condizionamenti e dalle dipendenze.<\/p>\n<p>La guerra in atto da diversi anni che ha finito per coinvolgere le nostre comunit\u00e0 ci interroga su come possiamo <strong>far fiorire una cultura della pace tra noi<\/strong>, partendo da un <strong>approccio nonviolento<\/strong> all\u2019interazione con i conflitti in atto.<\/p>\n<p>Gli studi, le ricerche e le scienze dei conflitti ci indicano come <strong>pi\u00f9 efficaci strumenti per la risoluzione dei conflitti quelli di tipo nonviolento<\/strong>. D\u2019altro canto, si tratta di strumenti che richiedono meno risorse economiche e quindi c\u2019\u00e8 meno interesse nell\u2019utilizzo, poich\u00e9 non producono profitto, pur essendo quelli che ottengono risultati.<\/p>\n<p>Pensare ad una cultura di pace oggi significa innanzitutto partire da noi e formarci <strong>attivi costruttori<\/strong> di <strong>responsabilit\u00e0 collettiva<\/strong>, di <strong>coscienza critica personale<\/strong> e di <strong>libert\u00e0 praticata<\/strong> per tutti e in tutte le occasioni.<\/p>\n<p>Il training allena i partecipanti ad essere degli attivatori di questi tre fondamentali \u201cingredienti\u201d in primis dentro di s\u00e9 e poi anche con le comunit\u00e0 nelle quali esprimono la propria vita.<br \/>\n<em><br \/>\n<\/em><br \/>\n<a style=\"text-decoration: none;\" title=\"Scarica il depliant informativo\" href=\"https:\/\/www.studiokappa.it\/wp-content\/uploads\/2022\/12\/2023.03.25-AutoEducarciAllaPace-1.pdf\">Scarica il depliant informativo<\/a><\/p>\n<p><a style=\"text-decoration: none;\" title=\"Iscriviti al training\" href=\"http:\/\/www.studiokappa.it\/?page_id=4059\">Iscriviti al training<\/a><br \/>\n<em><br \/>\n<\/em><\/p>\n","protected":false},"excerpt":{"rendered":"<p>AutoEducarci alla Pace Training per auto-educarci a coscienza critica, responsabilit\u00e0, libert\u00e0 per costruire un mondo di pace Educare alla Pace significa innanzitutto educare s\u00e8 stessi ad essere uomini e donne di pace, critici, responsabili e liberi. Ad Imola (BO), Sabato 25 Marzo 2023, Simone Deflorian realizza una giornata di formazione per allenarsi insieme alla coscienza [&hellip;]<\/p>\n","protected":false},"author":1,"featured_media":0,"parent":0,"menu_order":0,"comment_status":"closed","ping_status":"closed","template":"","meta":{"footnotes":""},"class_list":["post-18817","page","type-page","status-publish","hentry"],"_links":{"self":[{"href":"https:\/\/www.studiokappa.it\/index.php?rest_route=\/wp\/v2\/pages\/18817","targetHints":{"allow":["GET"]}}],"collection":[{"href":"https:\/\/www.studiokappa.it\/index.php?rest_route=\/wp\/v2\/pages"}],"about":[{"href":"https:\/\/www.studiokappa.it\/index.php?rest_route=\/wp\/v2\/types\/page"}],"author":[{"embeddable":true,"href":"https:\/\/www.studiokappa.it\/index.php?rest_route=\/wp\/v2\/users\/1"}],"replies":[{"embeddable":true,"href":"https:\/\/www.studiokappa.it\/index.php?rest_route=%2Fwp%2Fv2%2Fcomments&post=18817"}],"version-history":[{"count":0,"href":"https:\/\/www.studiokappa.it\/index.php?rest_route=\/wp\/v2\/pages\/18817\/revisions"}],"wp:attachment":[{"href":"https:\/\/www.studiokappa.it\/index.php?rest_route=%2Fwp%2Fv2%2Fmedia&parent=18817"}],"curies":[{"name":"wp","href":"https:\/\/api.w.org\/{rel}","templated":true}]}}

<p><strong><span style="color: #6600ff;font-size: medium">AutoEducarci alla Pace</span></strong><br />
<em><span style="color: #6600ff;font-size: medium">Training per auto-educarci a coscienza critica, responsabilità, libertà per costruire un mondo di pace</span></em></p>
<div align="center"><a title="Scarica il depliant informativo" href="https://www.studiokappa.it/wp-content/uploads/2022/12/2023.03.25-AutoEducarciAllaPace-1.pdf"><img decoding="async" src="https://www.studiokappa.it/wp-content/uploads/2022/12/AutoEducarci.jpg" style="width:800px;height:400px;"></a></div>
<p>Educare alla Pace significa innanzitutto educare sè stessi ad essere uomini e donne di pace, critici, responsabili e liberi.</p>
<p>Ad <strong>Imola (BO)</strong>, <strong>Sabato 25 Marzo 2023</strong>, <a style="text-decoration: none;" title="Simone Deflorian" href="http://www.studiokappa.it/?page_id=108" target="_self" rel="noopener noreferrer">Simone Deflorian</a> realizza una giornata di formazione per allenarsi insieme alla <strong>coscienza critica</strong>, al <strong>senso di responsabilità collettiva</strong> e alla <strong>libertà dalle manipolazioni</strong>, dai condizionamenti e dalle dipendenze.</p>
<p>La guerra in atto da diversi anni che ha finito per coinvolgere le nostre comunità ci interroga su come possiamo <strong>far fiorire una cultura della pace tra noi</strong>, partendo da un <strong>approccio nonviolento</strong> all’interazione con i conflitti in atto.</p>
<p>Gli studi, le ricerche e le scienze dei conflitti ci indicano come <strong>più efficaci strumenti per la risoluzione dei conflitti quelli di tipo nonviolento</strong>. D’altro canto, si tratta di strumenti che richiedono meno risorse economiche e quindi c’è meno interesse nell’utilizzo, poiché non producono profitto, pur essendo quelli che ottengono risultati.</p>
<p>Pensare ad una cultura di pace oggi significa innanzitutto partire da noi e formarci <strong>attivi costruttori</strong> di <strong>responsabilità collettiva</strong>, di <strong>coscienza critica personale</strong> e di <strong>libertà praticata</strong> per tutti e in tutte le occasioni.</p>
<p>Il training allena i partecipanti ad essere degli attivatori di questi tre fondamentali “ingredienti” in primis dentro di sé e poi anche con le comunità nelle quali esprimono la propria vita.<br />
<em><br />
</em><br />
<a style="text-decoration: none;" title="Scarica il depliant informativo" href="https://www.studiokappa.it/wp-content/uploads/2022/12/2023.03.25-AutoEducarciAllaPace-1.pdf">Scarica il depliant informativo</a></p>
<p><a style="text-decoration: none;" title="Iscriviti al training" href="http://www.studiokappa.it/?page_id=4059">Iscriviti al training</a><br />
<em><br />
</em></p>

<p>AutoEducarci alla Pace Training per auto-educarci a coscienza critica, responsabilità, libertà per costruire un mondo di pace Educare alla Pace significa innanzitutto educare sè stessi ad essere uomini e donne di pace, critici, responsabili e liberi. Ad Imola (BO), Sabato 25 Marzo 2023, Simone Deflorian realizza una giornata di formazione per allenarsi insieme alla coscienza [&hellip;]</p>
