{"id":13979,"date":"2019-12-17T13:28:13","date_gmt":"2019-12-17T13:28:13","guid":{"rendered":"http:\/\/www.studiokappa.it\/?page_id=13979"},"modified":"2024-02-06T18:56:32","modified_gmt":"2024-02-06T18:56:32","slug":"leducazione-e-pratica-di-liberta","status":"publish","type":"page","link":"https:\/\/www.studiokappa.it\/?page_id=13979","title":{"rendered":"L&#8217;educazione \u00e8 pratica di libert\u00e0 &#8211; interventi"},"content":{"rendered":"<!--StartFragment--><strong><span style=\"color: #6600ff; font-size: medium;\">L&#8217;educazione \u00e8 pratica di libert\u00e0\n<\/span><\/strong>\n\n<em><span style=\"color: #6600ff; font-size: medium;\">Circoli di <strong>studio,<\/strong> sulla pedagogia critica &#8211; dialogica nei percorsi educativi dedicati ai giovani ed ai bambini. <\/span><\/em><em><span style=\"color: #6600ff; font-size: medium;\">Sul valore di un&#8217;educazione consapevole alla libert\u00e0, alla responsabilit\u00e0 ed alla partecipazione.\n<\/span><\/em>\n\nSi tratta di occasioni di dialogo e confronto &#8211; con insegnanti, educatori, genitori, accompagnatori e maestri di progetti\u00a0 educativi a supporto dell&#8217;educazione parentale &#8211; volti ad esplorare e ad approfondire il potere dell&#8217;educazione critica-dialogica-problematizzante come occasione per lo sviluppo di coscienza critica e atto privilegiato per educare in maniera consapevole alla libert\u00e0, alla responsabilit\u00e0 ed alla partecipazione sin dall&#8217;infanzia.\n\n<!-- \/wp:post-content -->\n\n<!-- wp:paragraph -->\n\nDurante gli incontri si esplorano i i pilastri filosofici, antropologici e pedagogici dell\u2019educazione critica-dialogica-problematizzante di <strong>Paulo Freire<\/strong> e di altri pedagogisti critici italiani &#8211; quali Lorenzo Milani e Danilo Dolci &#8211; e si esplora come questi concorrano, oggi con nuova forza e vigore, allo sviluppo delle pratiche educative nei diversi ambiti di intervento, nella scuola statale come nelle esperienze di educazione democratica, nei percorsi educativi con adulti in situazione di difficolt\u00e0 come nei processi partecipati di costruzione di nuovi modelli di welfare e coesione in comunit\u00e0 e territori.\n\n<!-- \/wp:paragraph -->\n\n<!-- wp:paragraph -->\n\nGli incontri sono organizzati come un circolo di cultura, l\u2019approccio \u00e8 dialogico laboratoriale, valorizza l\u2019esperienza e il vissuto dei partecipanti e li assume come risorsa per l\u2019apprendimento.\n<figure class=\"wp-block-image size-large\"><img fetchpriority=\"high\" decoding=\"async\" class=\"aligncenter\" src=\"http:\/\/www.studiokappa.it\/wp-content\/uploads\/2019\/12\/IMG-20190128-WA0009.jpg\" alt=\"\" width=\"463\" height=\"321\" \/>\n<figcaption><\/figcaption>\n<!-- wp:paragraph --><strong>Interventi:<\/strong><\/figure>\n<!-- \/wp:paragraph -->\n\n<!-- wp:paragraph -->\n\n<!-- \/wp:paragraph -->\n\n<!-- wp:paragraph -->\n\n<!-- \/wp:paragraph -->\n\n<strong>&#8220;L&#8217;eco-pedagogia&#8221;: modo di accompagnare, crescere ed educarsi all&#8217;essere responsabilmente nel mondo. <\/strong>Circolo di studio con progetti di educazione libertaria a Cuneo, 30 agosto 2021\n\n<!-- \/wp:paragraph -->\n\n<!-- wp:paragraph -->\n\n<!-- \/wp:paragraph -->\n\n<!-- wp:paragraph -->\n\n<strong style=\"font-size: revert; color: initial;\">&#8220;Insegnanti che progettano il proprio futuro&#8221; &#8211; <\/strong><span style=\"font-size: revert; color: initial;\">Narzole (Cn), 3 ottobre 2021<\/span>\n\n<strong>&#8220;Chi ha paura di Paulo Freire?&#8221; &#8211; Educare alla libert\u00e0, alla responsabilit\u00e0 ed alla partecipazione <\/strong>Cornegliano d&#8217;Alba, 27 gennaio 2018. L&#8217;incontro \u00e8 organizzato dalle <em>Associazioni Lauto Educare <\/em>di Alba e <em>Popoli in Arte<\/em> di Sanremo, in collaborazione con la <em>libreria Milton<\/em> di Alba.\u00a0L&#8217;incontro si situa all&#8217;interno della campagna nazionale &#8220;Chi ha paura di Paulo Freire?&#8221; lanciata dalla Rete\u00a0 nazionale <strong>Freire<\/strong>-Boal per esprimere solidariet\u00e0 all&#8217;Istituto brasiliano Paulo Freire e riaffermare anche oggi in Italia, il valore di un&#8217;educazione consapevole alla libert\u00e0, alla responsabilit\u00e0 ed alla partecipazione gi\u00e0 nella scuola e sin dall&#8217;infanzia.\u00a0In un periodo in cui in Brasile si assiste ad una nuova repressione di questo approccio pedagogico, in nome di un&#8217;educazione neutra, Paulo Freire \u00e8 ancora un riferimento importante in diversi paesi del mondo e la sua teoria, che avvicina il contenuto accademico alla pratica quotidiana dell&#8217;insegnamento, alimenta la ricerca e la prassi di istituzioni,\u00a0 educatori e insegnanti che credono che &#8220;studiare non significhi acquisire cultura, bens\u00ec generare la possibilit\u00e0 di ri-crearla&#8221;. In Italia, l&#8217;influenza del pedagogista brasiliano \u00e8 significativa. Numerosi sono i programmi e gli interventi educativi e sociali che si muovono dentro i solchi di questo approccio critico problematizzante. Durante l&#8217;incontro si esplorano presupposti, approcci ed esperienze.\n\n<strong style=\"font-size: revert; color: initial;\">\u201cL\u2019educazione come pratica di libert\u00e0\u201d &#8211; <\/strong><strong style=\"font-size: revert; color: initial;\">il contributo di P. Freire alla nostra esperienza di educazione libertaria. <\/strong><span style=\"font-size: revert; color: initial;\">Rimini, 7 dicembre 2018. <\/span><span style=\"font-size: revert; color: initial;\">L&#8217;incontro \u00e8 organizzato dall&#8217;Associazione <\/span><em style=\"font-size: revert; color: initial;\">A testa in gi\u00f9<\/em><span style=\"font-size: revert; color: initial;\">\u00a0 in collaborazione con il <\/span><em style=\"font-size: revert; color: initial;\">Network Casa Madiba<\/em><span style=\"font-size: revert; color: initial;\"> di Rimini.\u00a0Nell\u2019incontro si propone una staffetta tra i pilastri filosofici, antropologici e pedagogici dell\u2019educazione critica di Paulo Freire e si esplora come questi concorrano, oggi con nuova forza e vigore, allo sviluppo delle pratiche educative di genitori e accompagnatori che scelgono\u00a0 l\u2019educazione libertaria.<\/span>\n\n<!-- wp:paragraph -->\n\n<strong>\u201cL\u2019educazione \u00e8 pratica di libert\u00e0\u201d (P. Freire) &#8211; Quando studiare non significa acquisire cultura, bens\u00ec generare la possibilit\u00e0 di ri-crearla. <\/strong><span style=\"font-size: inherit;\">Torin<\/span><span style=\"font-size: inherit;\">o, 24 gennaio 2019. <\/span><span style=\"font-size: revert; color: initial;\">L&#8217;incontro \u00e8 organizzato dall&#8217;Ass.ne <\/span><em style=\"font-size: revert; color: initial;\">Malacat\u00f9<\/em><span style=\"font-size: revert; color: initial;\"> che promuove un progetto educativo per bambini homeschooler 3 &#8211; 11 anni ispirato all&#8217;approccio libertario. Durante la serata si propone ai partecipanti una staffetta dinamica tra i pilastri filosofici, antropologici e pedagogici dell\u2019educazione critica-dialogica-problematizzante di Paulo Freire e si esplora come questi concorrano, oggi con nuova forza e vigore, allo sviluppo di pratiche educative e sociali di genitori, insegnanti ed educatori che scelgono l\u2019educazione critica-dialogica-problematizzante come occasione per lo sviluppo di coscienza critica e atto privilegiato per educare alla libert\u00e0, alla responsabilit\u00e0 ed alla partecipazione.<\/span>\n\n<!-- \/wp:paragraph -->\n\n<!-- \/wp:paragraph -->\n\n<!-- wp:paragraph -->\n\n<strong>Per approfondire:<\/strong>\n\n<!-- \/wp:paragraph -->\n\nZumbo A., <em><a style=\"text-decoration: none;\" title=\"Vai alla presentazione del libro\" href=\"https:\/\/www.francoangeli.it\/Ricerca\/Scheda_Libro.aspx?ID=25676&amp;Tipo=Libro&amp;strRicercaTesto=25676&amp;lingua=it&amp;titolo=comunita%27+che+innovano.+prospettive+ed+esperienze+per+territori+inclusivi\"> L\u2019educazione critica dialogica problematizzante: una leva per il cambiamento delle comunit\u00e0 locali<\/a>, <\/em>in Ciampolini T., Comunit\u00e0 che innovano. Prospettive ed esperienze per territori inclusivi, FrancoAngeli, Torino 2019\n\n<!-- wp:paragraph -->\n\n<a style=\"text-decoration: none;\" href=\"http:\/\/www.meltingpot.org\/Alfabetizzare-non-e-insegnare-a-ripetere-parole-ma-a-dire.html#.WK8ol_nhDIX\">A. Zumbo, <em>Alfabetizzare non \u00e8 insegnare a ripetere parole<\/em>, Melting Pot, Novembre 2016<\/a>\n\n<!-- \/wp:paragraph -->\n\n<!-- wp:paragraph -->\n\n<a style=\"text-decoration: none;\" href=\"http:\/\/www.istitutoeuroarabo.it\/DM\/la-lingua-italiana-lultima-frontiera-per-la-cittadinanza-dei-migranti-la-lezione-di-paulo-freire\/\">A. Zumbo, C. Dallavalle, <em>La lingua italiana l&#8217;ultima frontiera per la cittadinanza dei migranti. La lezione di Paulo Freire,<\/em> Dialoghi mediterranei, Marzo 2017<\/a>\n\n<!-- \/wp:paragraph -->","protected":false},"excerpt":{"rendered":"<p>L&#8217;educazione \u00e8 pratica di libert\u00e0 Circoli di studio, sulla pedagogia critica &#8211; dialogica nei percorsi educativi dedicati ai giovani ed ai bambini. Sul valore di un&#8217;educazione consapevole alla libert\u00e0, alla responsabilit\u00e0 ed alla partecipazione. Si tratta di occasioni di dialogo e confronto &#8211; con insegnanti, educatori, genitori, accompagnatori e maestri di progetti\u00a0 educativi a supporto [&hellip;]<\/p>\n","protected":false},"author":58,"featured_media":0,"parent":0,"menu_order":0,"comment_status":"closed","ping_status":"closed","template":"","meta":{"footnotes":""},"class_list":["post-13979","page","type-page","status-publish","hentry"],"_links":{"self":[{"href":"https:\/\/www.studiokappa.it\/index.php?rest_route=\/wp\/v2\/pages\/13979","targetHints":{"allow":["GET"]}}],"collection":[{"href":"https:\/\/www.studiokappa.it\/index.php?rest_route=\/wp\/v2\/pages"}],"about":[{"href":"https:\/\/www.studiokappa.it\/index.php?rest_route=\/wp\/v2\/types\/page"}],"author":[{"embeddable":true,"href":"https:\/\/www.studiokappa.it\/index.php?rest_route=\/wp\/v2\/users\/58"}],"replies":[{"embeddable":true,"href":"https:\/\/www.studiokappa.it\/index.php?rest_route=%2Fwp%2Fv2%2Fcomments&post=13979"}],"version-history":[{"count":0,"href":"https:\/\/www.studiokappa.it\/index.php?rest_route=\/wp\/v2\/pages\/13979\/revisions"}],"wp:attachment":[{"href":"https:\/\/www.studiokappa.it\/index.php?rest_route=%2Fwp%2Fv2%2Fmedia&parent=13979"}],"curies":[{"name":"wp","href":"https:\/\/api.w.org\/{rel}","templated":true}]}}

L&#8217;educazione è pratica di libertà &#8211; interventi

<!--StartFragment--><strong><span style="color: #6600ff; font-size: medium;">L&#8217;educazione è pratica di libertà
</span></strong>

<em><span style="color: #6600ff; font-size: medium;">Circoli di <strong>studio,</strong> sulla pedagogia critica &#8211; dialogica nei percorsi educativi dedicati ai giovani ed ai bambini. </span></em><em><span style="color: #6600ff; font-size: medium;">Sul valore di un&#8217;educazione consapevole alla libertà, alla responsabilità ed alla partecipazione.
</span></em>

Si tratta di occasioni di dialogo e confronto &#8211; con insegnanti, educatori, genitori, accompagnatori e maestri di progetti  educativi a supporto dell&#8217;educazione parentale &#8211; volti ad esplorare e ad approfondire il potere dell&#8217;educazione critica-dialogica-problematizzante come occasione per lo sviluppo di coscienza critica e atto privilegiato per educare in maniera consapevole alla libertà, alla responsabilità ed alla partecipazione sin dall&#8217;infanzia.

<!-- /wp:post-content -->

<!-- wp:paragraph -->

Durante gli incontri si esplorano i i pilastri filosofici, antropologici e pedagogici dell’educazione critica-dialogica-problematizzante di <strong>Paulo Freire</strong> e di altri pedagogisti critici italiani &#8211; quali Lorenzo Milani e Danilo Dolci &#8211; e si esplora come questi concorrano, oggi con nuova forza e vigore, allo sviluppo delle pratiche educative nei diversi ambiti di intervento, nella scuola statale come nelle esperienze di educazione democratica, nei percorsi educativi con adulti in situazione di difficoltà come nei processi partecipati di costruzione di nuovi modelli di welfare e coesione in comunità e territori.

<!-- /wp:paragraph -->

<!-- wp:paragraph -->

Gli incontri sono organizzati come un circolo di cultura, l’approccio è dialogico laboratoriale, valorizza l’esperienza e il vissuto dei partecipanti e li assume come risorsa per l’apprendimento.
<figure class="wp-block-image size-large"><img fetchpriority="high" decoding="async" class="aligncenter" src="http://www.studiokappa.it/wp-content/uploads/2019/12/IMG-20190128-WA0009.jpg" alt="" width="463" height="321" />
<figcaption></figcaption>
<!-- wp:paragraph --><strong>Interventi:</strong></figure>
<!-- /wp:paragraph -->

<!-- wp:paragraph -->

<!-- /wp:paragraph -->

<!-- wp:paragraph -->

<!-- /wp:paragraph -->

<strong>&#8220;L&#8217;eco-pedagogia&#8221;: modo di accompagnare, crescere ed educarsi all&#8217;essere responsabilmente nel mondo. </strong>Circolo di studio con progetti di educazione libertaria a Cuneo, 30 agosto 2021

<!-- /wp:paragraph -->

<!-- wp:paragraph -->

<!-- /wp:paragraph -->

<!-- wp:paragraph -->

<strong style="font-size: revert; color: initial;">&#8220;Insegnanti che progettano il proprio futuro&#8221; &#8211; </strong><span style="font-size: revert; color: initial;">Narzole (Cn), 3 ottobre 2021</span>

<strong>&#8220;Chi ha paura di Paulo Freire?&#8221; &#8211; Educare alla libertà, alla responsabilità ed alla partecipazione </strong>Cornegliano d&#8217;Alba, 27 gennaio 2018. L&#8217;incontro è organizzato dalle <em>Associazioni Lauto Educare </em>di Alba e <em>Popoli in Arte</em> di Sanremo, in collaborazione con la <em>libreria Milton</em> di Alba. L&#8217;incontro si situa all&#8217;interno della campagna nazionale &#8220;Chi ha paura di Paulo Freire?&#8221; lanciata dalla Rete  nazionale <strong>Freire</strong>-Boal per esprimere solidarietà all&#8217;Istituto brasiliano Paulo Freire e riaffermare anche oggi in Italia, il valore di un&#8217;educazione consapevole alla libertà, alla responsabilità ed alla partecipazione già nella scuola e sin dall&#8217;infanzia. In un periodo in cui in Brasile si assiste ad una nuova repressione di questo approccio pedagogico, in nome di un&#8217;educazione neutra, Paulo Freire è ancora un riferimento importante in diversi paesi del mondo e la sua teoria, che avvicina il contenuto accademico alla pratica quotidiana dell&#8217;insegnamento, alimenta la ricerca e la prassi di istituzioni,  educatori e insegnanti che credono che &#8220;studiare non significhi acquisire cultura, bensì generare la possibilità di ri-crearla&#8221;. In Italia, l&#8217;influenza del pedagogista brasiliano è significativa. Numerosi sono i programmi e gli interventi educativi e sociali che si muovono dentro i solchi di questo approccio critico problematizzante. Durante l&#8217;incontro si esplorano presupposti, approcci ed esperienze.

<strong style="font-size: revert; color: initial;">“L’educazione come pratica di libertà” &#8211; </strong><strong style="font-size: revert; color: initial;">il contributo di P. Freire alla nostra esperienza di educazione libertaria. </strong><span style="font-size: revert; color: initial;">Rimini, 7 dicembre 2018. </span><span style="font-size: revert; color: initial;">L&#8217;incontro è organizzato dall&#8217;Associazione </span><em style="font-size: revert; color: initial;">A testa in giù</em><span style="font-size: revert; color: initial;">  in collaborazione con il </span><em style="font-size: revert; color: initial;">Network Casa Madiba</em><span style="font-size: revert; color: initial;"> di Rimini. Nell’incontro si propone una staffetta tra i pilastri filosofici, antropologici e pedagogici dell’educazione critica di Paulo Freire e si esplora come questi concorrano, oggi con nuova forza e vigore, allo sviluppo delle pratiche educative di genitori e accompagnatori che scelgono  l’educazione libertaria.</span>

<!-- wp:paragraph -->

<strong>“L’educazione è pratica di libertà” (P. Freire) &#8211; Quando studiare non significa acquisire cultura, bensì generare la possibilità di ri-crearla. </strong><span style="font-size: inherit;">Torin</span><span style="font-size: inherit;">o, 24 gennaio 2019. </span><span style="font-size: revert; color: initial;">L&#8217;incontro è organizzato dall&#8217;Ass.ne </span><em style="font-size: revert; color: initial;">Malacatù</em><span style="font-size: revert; color: initial;"> che promuove un progetto educativo per bambini homeschooler 3 &#8211; 11 anni ispirato all&#8217;approccio libertario. Durante la serata si propone ai partecipanti una staffetta dinamica tra i pilastri filosofici, antropologici e pedagogici dell’educazione critica-dialogica-problematizzante di Paulo Freire e si esplora come questi concorrano, oggi con nuova forza e vigore, allo sviluppo di pratiche educative e sociali di genitori, insegnanti ed educatori che scelgono l’educazione critica-dialogica-problematizzante come occasione per lo sviluppo di coscienza critica e atto privilegiato per educare alla libertà, alla responsabilità ed alla partecipazione.</span>

<!-- /wp:paragraph -->

<!-- /wp:paragraph -->

<!-- wp:paragraph -->

<strong>Per approfondire:</strong>

<!-- /wp:paragraph -->

Zumbo A., <em><a style="text-decoration: none;" title="Vai alla presentazione del libro" href="https://www.francoangeli.it/Ricerca/Scheda_Libro.aspx?ID=25676&amp;Tipo=Libro&amp;strRicercaTesto=25676&amp;lingua=it&amp;titolo=comunita%27+che+innovano.+prospettive+ed+esperienze+per+territori+inclusivi"> L’educazione critica dialogica problematizzante: una leva per il cambiamento delle comunità locali</a>, </em>in Ciampolini T., Comunità che innovano. Prospettive ed esperienze per territori inclusivi, FrancoAngeli, Torino 2019

<!-- wp:paragraph -->

<a style="text-decoration: none;" href="http://www.meltingpot.org/Alfabetizzare-non-e-insegnare-a-ripetere-parole-ma-a-dire.html#.WK8ol_nhDIX">A. Zumbo, <em>Alfabetizzare non è insegnare a ripetere parole</em>, Melting Pot, Novembre 2016</a>

<!-- /wp:paragraph -->

<!-- wp:paragraph -->

<a style="text-decoration: none;" href="http://www.istitutoeuroarabo.it/DM/la-lingua-italiana-lultima-frontiera-per-la-cittadinanza-dei-migranti-la-lezione-di-paulo-freire/">A. Zumbo, C. Dallavalle, <em>La lingua italiana l&#8217;ultima frontiera per la cittadinanza dei migranti. La lezione di Paulo Freire,</em> Dialoghi mediterranei, Marzo 2017</a>

<!-- /wp:paragraph -->

<p>L&#8217;educazione è pratica di libertà Circoli di studio, sulla pedagogia critica &#8211; dialogica nei percorsi educativi dedicati ai giovani ed ai bambini. Sul valore di un&#8217;educazione consapevole alla libertà, alla responsabilità ed alla partecipazione. Si tratta di occasioni di dialogo e confronto &#8211; con insegnanti, educatori, genitori, accompagnatori e maestri di progetti  educativi a supporto [&hellip;]</p>
