{"id":13747,"date":"2019-11-11T14:59:56","date_gmt":"2019-11-11T14:59:56","guid":{"rendered":"http:\/\/www.studiokappa.it\/?page_id=13747"},"modified":"2019-11-22T09:39:52","modified_gmt":"2019-11-22T09:39:52","slug":"la-parola-fa-eguali-2","status":"publish","type":"page","link":"https:\/\/www.studiokappa.it\/?page_id=13747","title":{"rendered":"La parola fa eguali"},"content":{"rendered":"\n<p><strong><span style=\"color: #6600ff;font-size: medium\">&#8220;La parola fa eguali&#8221; L. Milani<\/span><\/strong>  <\/p>\n\n\n\n<p><em> <em><span style=\"color: #6600ff;font-size: medium\">Approccio critico-dialogico all\u2019alfabetizzazione come pratica di cittadinanza. Corsi di formazione per docenti di ogni ordine e grado.   <\/span><\/em> <\/em><\/p>\n\n\n\n<p><\/p>\n\n\n\n<p><\/p>\n\n\n\n<div class=\"wp-block-image\"><figure class=\"aligncenter\"><a href=\"https:\/\/www.francoangeli.it\/Ricerca\/scheda_libro.aspx?Id=25676\" target=\"_blank\" rel=\"noopener noreferrer\"><img decoding=\"async\" src=\"http:\/\/www.studiokappa.it\/wp-content\/uploads\/2019\/10\/P7011334.jpg\" alt=\"\" class=\"wp-image-13779\" \/><\/a><\/figure><\/div>\n\n\n\n<pre class=\"wp-block-preformatted\">                  Rudiano (BS), I.C. Chiecca 1-2- luglio 2019                                                                                                                                                                                                              \n            Corso di formaizone per docenti \"La parola fa eguali\" <\/pre>\n\n\n\n<p>Il percorso di formazione si posiziona al lato dei percorsi:<\/p>\n\n\n\n<p><a style=\"text-decoration: none\" href=\"http:\/\/www.studiokappa.it\/?page_id=7902\">&#8220;Alfabetizzare non \u00e8 insegnare a ripetere parole, ma a dire la propria parola&#8221;<\/a> e<a style=\"text-decoration: none\" href=\"http:\/\/www.studiokappa.it\/?page_id=10208\"> &#8220;La testa pensa dove stanno i piedi&#8221;<\/a> ed \u00e8 volto ad offrire agl insegnanti di scuola di ogni ordine e grado<strong> l&#8217;opportunit\u00e0 di riscoprire il valore degli approcci pedagogici critici<\/strong>, di <strong>confrontarsi ed allenarsi nel coniugarli nella didattica delle diverse discipline<\/strong> e  di rigenerasi nel <strong>riconsocimento del valore educativo alla cittadinanza libera e responsabile<\/strong>  che \u00e8 insita  nel loro ruolo di insegnanti-educatori .<\/p>\n\n\n\n<p>Con queste finalit\u00e0, il percorso di formazione punta a : <\/p>\n\n\n<p><img decoding=\"async\" src=\"https:\/\/lh4.googleusercontent.com\/-KUnM_IO-hAs\/TgZgN0tqEuI\/AAAAAAAAAZk\/Cachu2JnhXM\/bullet.gif\" alt=\" \" width=\"12\" height=\"11\" border=\"0\"> promuovere tra gli insegnanti la consapevolezza su quanto lo spazio ed il tempo della relazione con gli studenti possano essere preziosi &#8211; al di l\u00e0 dell\u2019esercizio dell\u2019insegnamento e dell\u2019apprendimento delle differenti discipline &#8211; per il potenziamento delle competenze linguistiche degli studenti e per la creazione di quel legame di comprensione, riconoscimento, elaborazione del senso di radicamento e sviluppo di senso di consapevolezza del proprio potere nonch\u00e9 della responsabilit\u00e0 di agire nel contesto per apportarvi il proprio contributo (intendendo questa competenza come esercizio attivo della cittadinanza);<\/p>\n<p><img decoding=\"async\" src=\"https:\/\/lh4.googleusercontent.com\/-KUnM_IO-hAs\/TgZgN0tqEuI\/AAAAAAAAAZk\/Cachu2JnhXM\/bullet.gif\" alt=\" \" width=\"12\" height=\"11\" border=\"0\"> offrire agli insegnanti l\u2019opportunit\u00e0 di sperimentare un approccio metodologico volto a potenziare le competenze linguistiche degli studenti che, imparando a leggere e scrivere, apprendono ad esprimere parole che hanno la possibilit\u00e0 di generare comportamenti nuovi, sviluppare la propria capacit\u00e0 di lettura del mondo, costruire la propria motivazione a trasformarlo.<\/p>\n<p><\/p>\n<p><!-- \/wp:post-content --><\/p>\n<p><!-- wp:image -->\n<\/p>\n<figure class=\"wp-block-image\"><img decoding=\"async\" src=\"http:\/\/www.studiokappa.it\/wp-content\/uploads\/2019\/11\/P7010846.jpg\" alt=\"\"><figcaption>Rudiano (BS), I.C. Chiecca 1-2- luglio 2019 Corso di formaizone per docenti &#8220;La parola fa eguali&#8221;<\/figcaption><\/figure>\n<p>\n<!-- \/wp:image --><\/p>\n<p><!-- wp:paragraph -->\n<\/p>\n<p><strong>Contenuti<\/strong><\/p>\n<p>\n<!-- \/wp:paragraph --><\/p>\n<p><!-- wp:paragraph -->\n<\/p>\n<p>A partire dall\u2019esplorazione dei presupposti della pedagogia critica-dialogica, durante gli incontri si scopre e si fa pratica dell\u2019educazione critica-dialogica-problematizzante di Paulo Freire, Lorenzo Milani e Danilo Dolci alla ricerca di spunti pedagogici e suggerimenti metodologici che orientino ed arricchiscono la didattica nella scuola rendendo la relazione insegnamento-apprendimento un\u2019occasione privilegiata per innescare processi di coscientizzazione, responsabilizzazione e liberazione.<\/p>\n<p><strong>Durante gli incontri verr\u00e0:<\/strong><\/p>\n<p><img decoding=\"async\" src=\"https:\/\/lh4.googleusercontent.com\/-KUnM_IO-hAs\/TgZgN0tqEuI\/AAAAAAAAAZk\/Cachu2JnhXM\/bullet.gif\" alt=\" \" width=\"12\" height=\"11\" border=\"0\"> introdotto e progressivamente approfondito il costrutto filosofico, antropologico e pedagogico di Paulo Freire e le convergenze con i suoi contemporanei italiani Lorenzo Milani e Danilo Dolci;<\/p>\n<p><img decoding=\"async\" src=\"https:\/\/lh4.googleusercontent.com\/-KUnM_IO-hAs\/TgZgN0tqEuI\/AAAAAAAAAZk\/Cachu2JnhXM\/bullet.gif\" alt=\" \" width=\"12\" height=\"11\" border=\"0\"> stimolata una riflessione critica con i partecipanti volta ad analizzare l\u2019approccio depositario dell\u2019insegnamento e della relazione docente-discente quali paradigmi di modi di concepire se stessi, gli altri ed il rispettivo potere di agire nel mondo e di trasformare la realt\u00e0;<\/p>\n<p><img decoding=\"async\" src=\"https:\/\/lh4.googleusercontent.com\/-KUnM_IO-hAs\/TgZgN0tqEuI\/AAAAAAAAAZk\/Cachu2JnhXM\/bullet.gif\" alt=\" \" width=\"12\" height=\"11\" border=\"0\"> accompagnato un processo di \u201creinvenzione\u201d e sperimentazione del \u201cmetodo\u201d per la coscientizzazione e\/o l\u2019alfabetizzazione del Freire che parta dai vissuti degli studenti\/studentesse e stimoli percorsi di auto-riconoscimento;<\/p>\n<p><img decoding=\"async\" src=\"https:\/\/lh4.googleusercontent.com\/-KUnM_IO-hAs\/TgZgN0tqEuI\/AAAAAAAAAZk\/Cachu2JnhXM\/bullet.gif\" alt=\" \" width=\"12\" height=\"11\" border=\"0\"> sperimentata la ricerca dei temi generatori che appartengono al vissuto antropologico ed all\u2019universo semantico degli apprendenti;<\/p>\n<p><strong>&nbsp;<\/strong><img decoding=\"async\" src=\"https:\/\/lh4.googleusercontent.com\/-KUnM_IO-hAs\/TgZgN0tqEuI\/AAAAAAAAAZk\/Cachu2JnhXM\/bullet.gif\" alt=\" \" width=\"12\" height=\"11\" border=\"0\"> stimolato un approccio maieutico per l\u2019attivazione della motivazione all\u2019apprendimento e all\u2019esercizio consapevole del potere della parola che implica capacit\u00e0 di analisi, capacit\u00e0 di scelta, capacit\u00e0 di intervento nella realt\u00e0;<\/p>\n<p><strong>&nbsp;<\/strong><img decoding=\"async\" src=\"https:\/\/lh4.googleusercontent.com\/-KUnM_IO-hAs\/TgZgN0tqEuI\/AAAAAAAAAZk\/Cachu2JnhXM\/bullet.gif\" alt=\" \" width=\"12\" height=\"11\" border=\"0\"> costruito l\u2019impianto delle competenze metodologiche per stimolare la propria ed altrui capacit\u00e0 di \u201clettura del mondo\u201d sperimentandosi nel fare del \u201ccontesto\u201d il \u201ctesto\u201d da cui muovere sia l\u2019insegnamento delle diverse discipline, sia la relazione educativa.<\/p>\n<p>\n<!-- \/wp:paragraph --><\/p>\n<p><!-- wp:paragraph -->\n<\/p>\n<p><strong>Metodologia<\/strong><\/p>\n<p>\n<!-- \/wp:paragraph --><\/p>\n<p><!-- wp:paragraph -->\n<\/p>\n<p>Il percorso \u00e8 condotto esclusivamente con metodologie partecipative che permettono ai partecipanti di concorrere direttamente alla costruzione di nuove conoscenze e attitudini .Si valorizza l\u2019esperienza e il vissuto dei partecipanti e li si assume come risorsa per l\u2019apprendimento. In linea con l\u2019approccio freireano, come in un \u201cCircolo di cultura\u201d, si impara facendo e facendo insieme, con un approccio di Ricerca-Formazione, applicando il metodo di alfabetizzazione &#8211; coscientizzazione di Paulo Freire ed analizzandolo criticamente alla ricerca delle potenzialit\u00e0 che pu\u00f2 ancora oggi esprimere per lo sviluppo delle competenze linguistiche e del senso di responsabilit\u00e0 e partecipazione alla vita pubblica delle giovani generazioni.<\/p>\n<p>\n<!-- \/wp:paragraph --><\/p>\n<p><!-- wp:paragraph -->\n<\/p>\n<p>Il contenuto dell\u2019insegnamento, non \u00e8 definito da una logica up-down, ma fatto emergere dall\u2019universo lessicale degli studenti e dal loro universo semantico con un lavoro propedeutico di ricerca su cui poi l\u2019insegnante stesso fonder\u00e0 la costruzione dei materiali didattici. Le parole ed i temi generatori scelte secondo determinati criteri, vengono infatti legate alle rappresentazioni di fatti concreti che emergono dal vissuto degli studenti e diventano un codice oggetto da decodificare con il gruppo in classe.<\/p>\n<p>\n<!-- \/wp:paragraph --><\/p>\n<p><!-- wp:paragraph -->\n<\/p>\n<p><strong> Scarica il Report<\/strong> del percorso di formazione<a style=\"text-decoration: none\" href=\"http:\/\/www.studiokappa.it\/wp-content\/uploads\/2019\/11\/2019.07.01-Zumbo_report_Rudiano-1.pdf\"> &#8220;La parola fa eguali&#8221; realizzato con l&#8217;Istituto Comprensivo Chiecca di Rudiano (BS<\/a>).<\/p>\n<p>\n<!-- \/wp:paragraph --><\/p>\n<p><!-- wp:paragraph -->\n<\/p>\n<p><strong>Approfondimenti<\/strong><\/p>\n<p>\n<!-- \/wp:paragraph --><\/p>\n<p><!-- wp:paragraph -->\n<\/p>\n<p>Zumbo A., <a style=\"text-decoration: none\" href=\"http:\/\/www.meltingpot.org\/Alfabetizzare-non-e-insegnare-a-ripetere-parole-ma-a-dire.html#.WK8ol_nhDIX\">Alfabetizzare non \u00e8 insegnare a ripetere parole, ma a dire la propria parola<\/a>, Meltingpot, novembre 2016<\/p>\n<p>\n<!-- \/wp:paragraph --><\/p>\n<p><!-- wp:paragraph -->\n<\/p>\n<p>Zumbo A., Dallavalle C., <em><a style=\"text-decoration: none\" href=\"http:\/\/www.istitutoeuroarabo.it\/DM\/la-lingua-italiana-lultima-frontiera-per-la-cittadinanza-dei-migranti-la-lezione-di-paulo-freire\/\">La lingua italiana, l\u2019ultima frontiera per la cittadinanza dei migranti: la lezione di Paulo Freire<\/a>,&nbsp;<\/em>Dialoghi mediterranei, marzo 2017<\/p>\n<p>\n<!-- \/wp:paragraph --><\/p>\n<p><!-- wp:paragraph -->\n<\/p>\n<p>Zumbo A., <a style=\"text-decoration: none\" href=\"http:\/\/www.unipa.it\/strutture\/scuolaitalianastranieri\/.content\/documenti\/Zumbo.pdf\">Percorsi di formazione e sperimentazione sul metodo di coscientizzazione di Paulo Freire per insegnanti e volontari impegnati nel supporto linguistico e nell&#8217;alfabetizzazione di migranti adulti<\/a>, Convegno pre-LESSLA, Palermo, 3 ottobre 2018.<br><strong><br>Bibliografia e sitografia<\/strong><\/p>\n<p>\n<!-- \/wp:paragraph --><\/p>\n<p><!-- wp:paragraph -->\n<\/p>\n<p>Deflorian S., Le applicazioni in Italia del metodo Paulo Freire. Intervento al Convegno presso Istituto italiano Paulo Freire, Studio Kappa, Asti, 2014<\/p>\n<p>\n<!-- \/wp:paragraph --><\/p>\n<p><!-- wp:paragraph -->\n<\/p>\n<p>Dolci D., Dal trasmettere al comunicare, Torino, Edizioni Sonda, 1988<\/p>\n<p>\n<!-- \/wp:paragraph --><\/p>\n<p><!-- wp:paragraph -->\n<\/p>\n<p>Dolci D., Palpitare di nessi. Ricerca di educare creativo a un mondo nonviolento, Roma, Armando, 1985<\/p>\n<p>\n<!-- \/wp:paragraph --><\/p>\n<p><!-- wp:paragraph -->\n<\/p>\n<p>Freire P., L\u2019educazione come pratica della libert\u00e0. I fondamenti sperimentali della \u201cpedagogia degli oppressi\u201d, Milano, Arnoldo Mondadori, 1974<\/p>\n<p>\n<!-- \/wp:paragraph --><\/p>\n<p><!-- wp:paragraph -->\n<\/p>\n<p>Freire P., La pedagogia degli oppressi, Torino, EGA, 2002<\/p>\n<p>\n<!-- \/wp:paragraph --><\/p>\n<p><!-- wp:paragraph -->\n<\/p>\n<p>Freire P., Pedagogia dell\u2019autonomia. Saperi necessari per la pratica educativa, Torino, EGA, 2004<\/p>\n<p>\n<!-- \/wp:paragraph --><\/p>\n<p><!-- wp:paragraph -->\n<\/p>\n<p>Rottino M., Zumbo A., <em>Nous sommes l\u2019histoire : exp\u00e9rience d\u2019\u00e9ducation populaire en Ha\u00efti<\/em>, Associazione Popoli in Arte, Sanremo, 2014<\/p>\n<p>\n<!-- \/wp:paragraph --><\/p>\n<p><!-- wp:paragraph -->\n<\/p>\n<p>Zumbo A., <em><a style=\"text-decoration: none\" href=\"https:\/\/www.francoangeli.it\/Ricerca\/Scheda_Libro.aspx?ID=25676&amp;Tipo=Libro&amp;strRicercaTesto=25676&amp;lingua=it&amp;titolo=comunita%27+che+innovano.+prospettive+ed+esperienze+per+territori+inclusivi\"> L\u2019educazione critica dialogica problematizzante: una leva per il cambiamento delle comunit\u00e0 locali<\/a><strong>, <\/strong><\/em>in Ciampolini T., Comunit\u00e0 che innovano. Prospettive ed esperienze per territori inclusivi, FrancoAngeli, Torino 2019<\/p>\n<p>\n<!-- \/wp:paragraph --><\/p>\n<p><!-- \/wp:group --><\/p>\n<p><!-- \/wp:paragraph --><\/p>\n<p><!-- \/wp:group --><\/p>\n<p>Articolo a cura di<br>\n<a href=\"http:\/\/www.studiokappa.it\/?page_id=5555\"><img decoding=\"async\" class=\"alignleft size-full wp-image-134\" style=\"margin-left: 10px;margin-right: 10px\" title=\"Anna Zumbo\" src=\"http:\/\/www.studiokappa.it\/wp-content\/uploads\/2014\/05\/Anna_Zumbosmall.jpg\" alt=\"Anna Zumbo\" width=\"54\" height=\"64\"><\/a><a style=\"text-decoration: none\" title=\"Anna Zumbo\" href=\"http:\/\/www.studiokappa.it\/?page_id=5555\" target=\"_self\" rel=\"noopener noreferrer\"><strong>Anna Zumbo<\/strong><\/a><\/p>\n<p><b><a style=\"text-decoration: none\" title=\"Anna Zumbo\" href=\"http:\/\/www.studiokappa.it\/?page_id=5555\" target=\"_self\" rel=\"noopener noreferrer\"><em>Rafforzamento delle Organizzazioni e Sviluppo di Comunit\u00e0<\/em><\/a><\/b><\/p>","protected":false},"excerpt":{"rendered":"<p>&#8220;La parola fa eguali&#8221; L. Milani Approccio critico-dialogico all\u2019alfabetizzazione come pratica di cittadinanza. Corsi di formazione per docenti di ogni ordine e grado. Rudiano (BS), I.C. Chiecca 1-2- luglio 2019 Corso di formaizone per docenti &#8220;La parola fa eguali&#8221; Il percorso di formazione si posiziona al lato dei percorsi: &#8220;Alfabetizzare non \u00e8 insegnare a ripetere [&hellip;]<\/p>\n","protected":false},"author":58,"featured_media":0,"parent":0,"menu_order":0,"comment_status":"closed","ping_status":"closed","template":"","meta":{"footnotes":""},"class_list":["post-13747","page","type-page","status-publish","hentry"],"_links":{"self":[{"href":"https:\/\/www.studiokappa.it\/index.php?rest_route=\/wp\/v2\/pages\/13747","targetHints":{"allow":["GET"]}}],"collection":[{"href":"https:\/\/www.studiokappa.it\/index.php?rest_route=\/wp\/v2\/pages"}],"about":[{"href":"https:\/\/www.studiokappa.it\/index.php?rest_route=\/wp\/v2\/types\/page"}],"author":[{"embeddable":true,"href":"https:\/\/www.studiokappa.it\/index.php?rest_route=\/wp\/v2\/users\/58"}],"replies":[{"embeddable":true,"href":"https:\/\/www.studiokappa.it\/index.php?rest_route=%2Fwp%2Fv2%2Fcomments&post=13747"}],"version-history":[{"count":0,"href":"https:\/\/www.studiokappa.it\/index.php?rest_route=\/wp\/v2\/pages\/13747\/revisions"}],"wp:attachment":[{"href":"https:\/\/www.studiokappa.it\/index.php?rest_route=%2Fwp%2Fv2%2Fmedia&parent=13747"}],"curies":[{"name":"wp","href":"https:\/\/api.w.org\/{rel}","templated":true}]}}