{"id":11876,"date":"2019-02-02T21:03:35","date_gmt":"2019-02-02T21:03:35","guid":{"rendered":"http:\/\/www.studiokappa.it\/?page_id=11876"},"modified":"2020-06-17T16:15:54","modified_gmt":"2020-06-17T16:15:54","slug":"cisl-scuola-rafforzamento-organizzativo","status":"publish","type":"page","link":"https:\/\/www.studiokappa.it\/?page_id=11876","title":{"rendered":"Rafforzamento organizzativo"},"content":{"rendered":"<p><strong><span style=\"color: #6600ff; font-size: medium;\">Trasformazione, rafforzamento e sviluppo organizzativo in ottica partecipata<\/span><\/strong><br \/>\n<em><span style=\"color: #6600ff; font-size: medium;\">Verso un modello organizzativo a rete che dia cittadinanza e qualifichi la partecipazione degli iscritti CISL Scuola della provincia di Cuneo<\/span><\/em><\/p>\n<div align=\"center\">[slideshow_deploy id=&#8217;11914&#8242;]<\/div>\n<p>La Segreteria Provinciale della <a style=\"text-decoration: none;\" title=\"CISL Scuola Cuneo\" href=\"https:\/\/cislscuolacuneo.it\/\" target=\"_self\" rel=\"noopener noreferrer\">CISL Scuola Cuneo<\/a> si \u00e8 posta come linea programmatica quella di attivare un processo di rafforzamento organizzativo capace di declinare la mission istituzionale rispetto ai momenti storici, geografici e socio-culturali attuali, alla luce di valori e cultura propri dell\u2019organizzazione. Questo processo si realizza nell\u2019arco di un triennio con una modalit\u00e0 bottom up (dal basso).<\/p>\n<p>Da alcuni mesi <a style=\"text-decoration: none;\" title=\"Simone Deflorian\" href=\"http:\/\/www.studiokappa.it\/?page_id=108\" target=\"_self\" rel=\"noopener noreferrer\">Simone Deflorian<\/a>, \u00e8 cos\u00ec impegnato con questa consulenza relativa alla progettazione partecipata del processo di trasformazione, rafforzamento e sviluppo organizzativo partecipato del sistema CISL Scuola della provincia di Cuneo.<\/p>\n<p>Alcune sono state le giornate di lancio, presentazione e sostegno alla comprensione della direzione del processo di rafforzamento organizzativo da parte di esponenti sindacali, RSU e iscritti.<\/p>\n<p>Una prima giornata \u00e8 stata realizzata a Fossano (CN) il 12 Giugno 2018. Alla giornata hanno partecipato le RSU. Esse hanno avuto modo di lavorare a stretto contatto con 4 Segretari Generali (nazionale, regionale, provinciale e UST) attraverso la metodologia del World Caf\u00e8.<\/p>\n<p>Per la CISL Scuola della provincia di Cuneo, si \u00e8 trattato della prima volta in cui un incontro sindacale venisse condotto e gestito con una modalit\u00e0 partecipativa, diversa da quella tradizionale dell&#8217;intervento frontale unidirezionale caratteristico dei comizi.<\/p>\n<p>Il 7 Settembre 2018 si \u00e8 svolta una seconda giornata che \u00e8 stata un momento di maggiore approfondimento tematico. Si \u00e8 passati a lavorare dal tema della Comunit\u00e0 Educante della prima giornata al ruolo del Sindacato CISL come facilitatore di processi di rafforzamento della stessa. La traccia di lavoro della giornata si \u00e8 liberamente ispirata all\u2019Open Space Technology di Harryson Owen (n.d.a. si veda H.Owen, Open Space Technology &#8211; guida all&#8217;uso, Genius Loci editore, Milano, 2008).<\/p>\n<p>Queste due giornate sono state solo l\u2019inizio di un processo di costruzione partecipata e allargamento della vision dell\u2019organizzazione.<br \/>\nI contributi raccolti in queste due giornate hanno com-partecipato all\u2019individuazione degli indirizzi operativi su cui un gruppo eterogeneo ristretto di RSU ha lavorato a fine Settembre 2018 durante tre giornate intensive di formazione e di approfondimento tematico presso il <a style=\"text-decoration: none;\" title=\"Centro Studi CISL\" href=\"https:\/\/www.centrostudi.cisl.it\/\" target=\"_self\" rel=\"noopener noreferrer\">Centro Nazionale di Studi e Formazione della CISL a Fiesole (FI)<\/a>.<\/p>\n<p>Tutto il processo trasformativo e di rafforzamento, compresi i momenti di formazione sono stati realizzati con la direzione scientifica dei lavori a cura di <a style=\"text-decoration: none;\" title=\"Simone Deflorian\" href=\"http:\/\/www.studiokappa.it\/?page_id=108\" target=\"_self\" rel=\"noopener noreferrer\">Simone Deflorian<\/a>.<\/p>\n<p>La tre giorni (20-21-22 Settembre 2018) di confronto, studio, ricerca e riflessione di Fiesole (FI) ha sostenuto l\u2019obiettivo politico e programmatico della <a style=\"text-decoration: none;\" title=\"CISL Scuola Cuneo\" href=\"https:\/\/cislscuolacuneo.it\/\" target=\"_self\" rel=\"noopener noreferrer\">CISL Scuola di Cuneo<\/a>: dirigersi verso un rafforzamento organizzativo capace di declinare la mission istituzionale rispetto ai momenti storici, geografici e socio-culturali attuali, alla luce di valori e cultura propri dell&#8217;organizzazione sindacale.<\/p>\n<p>Il processo di innovazione organizzativa ha come intento quello di sviluppare un nuovo modello organizzativo, in termini di struttura, di funzionamento e di servizi, di muoversi verso un modello capace di essere inclusivo e di mobilitare la partecipazione degli iscritti, non in un\u2019ottica di utenti di servizi, ma di attori e autori degli stessi.<\/p>\n<p>La tre giorni di Fiesole (FI) ha concorso a costruire una vision condivisa tra le diverse componenti dell\u2019organizzazione sindacale.<\/p>\n<p>Il processo di sviluppo e rafforzamento organizzativo che prevede la transizione da un modello piramidale ad un modello a rete con responsabilit\u00e0 diffusa incominicia a diventare cultura e pratica organizzativa.<\/p>\n<p>Molti sono gli incontri e le assemblee che si realizzano con modelli nuovi che assicurano cittadinanza ai presenti e offrono spazi di confronto ed elaborazione programmatica, politica e culturale agli iscritti.<\/p>\n<p>A Dicembre 2019 si costituisce un gruppo di attivazione composto da rappresentanti sindacali e iscritti che, con la consulenza e l&#8217;accompagnamento di <a style=\"text-decoration: none;\" title=\"Anna Zumbo\" href=\"http:\/\/www.studiokappa.it\/?page_id=5555\" target=\"_self\" rel=\"noopener noreferrer\">Anna Zumbo<\/a>, hanno come funzione quella di attivare un processo di partecipazione degli iscritti alla costituzione e progettualit\u00e0 di 5 Dipartimenti tematici.<br \/>\n<em><br \/>\n<\/em><\/p>\n","protected":false},"excerpt":{"rendered":"<p>Trasformazione, rafforzamento e sviluppo organizzativo in ottica partecipata Verso un modello organizzativo a rete che dia cittadinanza e qualifichi la partecipazione degli iscritti CISL Scuola della provincia di Cuneo [slideshow_deploy id=&#8217;11914&#8242;] La Segreteria Provinciale della CISL Scuola Cuneo si \u00e8 posta come linea programmatica quella di attivare un processo di rafforzamento organizzativo capace di declinare [&hellip;]<\/p>\n","protected":false},"author":1,"featured_media":0,"parent":0,"menu_order":0,"comment_status":"closed","ping_status":"closed","template":"","meta":{"footnotes":""},"class_list":["post-11876","page","type-page","status-publish","hentry"],"_links":{"self":[{"href":"https:\/\/www.studiokappa.it\/index.php?rest_route=\/wp\/v2\/pages\/11876","targetHints":{"allow":["GET"]}}],"collection":[{"href":"https:\/\/www.studiokappa.it\/index.php?rest_route=\/wp\/v2\/pages"}],"about":[{"href":"https:\/\/www.studiokappa.it\/index.php?rest_route=\/wp\/v2\/types\/page"}],"author":[{"embeddable":true,"href":"https:\/\/www.studiokappa.it\/index.php?rest_route=\/wp\/v2\/users\/1"}],"replies":[{"embeddable":true,"href":"https:\/\/www.studiokappa.it\/index.php?rest_route=%2Fwp%2Fv2%2Fcomments&post=11876"}],"version-history":[{"count":0,"href":"https:\/\/www.studiokappa.it\/index.php?rest_route=\/wp\/v2\/pages\/11876\/revisions"}],"wp:attachment":[{"href":"https:\/\/www.studiokappa.it\/index.php?rest_route=%2Fwp%2Fv2%2Fmedia&parent=11876"}],"curies":[{"name":"wp","href":"https:\/\/api.w.org\/{rel}","templated":true}]}}

<p><strong><span style="color: #6600ff; font-size: medium;">Trasformazione, rafforzamento e sviluppo organizzativo in ottica partecipata</span></strong><br />
<em><span style="color: #6600ff; font-size: medium;">Verso un modello organizzativo a rete che dia cittadinanza e qualifichi la partecipazione degli iscritti CISL Scuola della provincia di Cuneo</span></em></p>
<div align="center">[slideshow_deploy id=&#8217;11914&#8242;]</div>
<p>La Segreteria Provinciale della <a style="text-decoration: none;" title="CISL Scuola Cuneo" href="https://cislscuolacuneo.it/" target="_self" rel="noopener noreferrer">CISL Scuola Cuneo</a> si è posta come linea programmatica quella di attivare un processo di rafforzamento organizzativo capace di declinare la mission istituzionale rispetto ai momenti storici, geografici e socio-culturali attuali, alla luce di valori e cultura propri dell’organizzazione. Questo processo si realizza nell’arco di un triennio con una modalità bottom up (dal basso).</p>
<p>Da alcuni mesi <a style="text-decoration: none;" title="Simone Deflorian" href="http://www.studiokappa.it/?page_id=108" target="_self" rel="noopener noreferrer">Simone Deflorian</a>, è così impegnato con questa consulenza relativa alla progettazione partecipata del processo di trasformazione, rafforzamento e sviluppo organizzativo partecipato del sistema CISL Scuola della provincia di Cuneo.</p>
<p>Alcune sono state le giornate di lancio, presentazione e sostegno alla comprensione della direzione del processo di rafforzamento organizzativo da parte di esponenti sindacali, RSU e iscritti.</p>
<p>Una prima giornata è stata realizzata a Fossano (CN) il 12 Giugno 2018. Alla giornata hanno partecipato le RSU. Esse hanno avuto modo di lavorare a stretto contatto con 4 Segretari Generali (nazionale, regionale, provinciale e UST) attraverso la metodologia del World Cafè.</p>
<p>Per la CISL Scuola della provincia di Cuneo, si è trattato della prima volta in cui un incontro sindacale venisse condotto e gestito con una modalità partecipativa, diversa da quella tradizionale dell&#8217;intervento frontale unidirezionale caratteristico dei comizi.</p>
<p>Il 7 Settembre 2018 si è svolta una seconda giornata che è stata un momento di maggiore approfondimento tematico. Si è passati a lavorare dal tema della Comunità Educante della prima giornata al ruolo del Sindacato CISL come facilitatore di processi di rafforzamento della stessa. La traccia di lavoro della giornata si è liberamente ispirata all’Open Space Technology di Harryson Owen (n.d.a. si veda H.Owen, Open Space Technology &#8211; guida all&#8217;uso, Genius Loci editore, Milano, 2008).</p>
<p>Queste due giornate sono state solo l’inizio di un processo di costruzione partecipata e allargamento della vision dell’organizzazione.<br />
I contributi raccolti in queste due giornate hanno com-partecipato all’individuazione degli indirizzi operativi su cui un gruppo eterogeneo ristretto di RSU ha lavorato a fine Settembre 2018 durante tre giornate intensive di formazione e di approfondimento tematico presso il <a style="text-decoration: none;" title="Centro Studi CISL" href="https://www.centrostudi.cisl.it/" target="_self" rel="noopener noreferrer">Centro Nazionale di Studi e Formazione della CISL a Fiesole (FI)</a>.</p>
<p>Tutto il processo trasformativo e di rafforzamento, compresi i momenti di formazione sono stati realizzati con la direzione scientifica dei lavori a cura di <a style="text-decoration: none;" title="Simone Deflorian" href="http://www.studiokappa.it/?page_id=108" target="_self" rel="noopener noreferrer">Simone Deflorian</a>.</p>
<p>La tre giorni (20-21-22 Settembre 2018) di confronto, studio, ricerca e riflessione di Fiesole (FI) ha sostenuto l’obiettivo politico e programmatico della <a style="text-decoration: none;" title="CISL Scuola Cuneo" href="https://cislscuolacuneo.it/" target="_self" rel="noopener noreferrer">CISL Scuola di Cuneo</a>: dirigersi verso un rafforzamento organizzativo capace di declinare la mission istituzionale rispetto ai momenti storici, geografici e socio-culturali attuali, alla luce di valori e cultura propri dell&#8217;organizzazione sindacale.</p>
<p>Il processo di innovazione organizzativa ha come intento quello di sviluppare un nuovo modello organizzativo, in termini di struttura, di funzionamento e di servizi, di muoversi verso un modello capace di essere inclusivo e di mobilitare la partecipazione degli iscritti, non in un’ottica di utenti di servizi, ma di attori e autori degli stessi.</p>
<p>La tre giorni di Fiesole (FI) ha concorso a costruire una vision condivisa tra le diverse componenti dell’organizzazione sindacale.</p>
<p>Il processo di sviluppo e rafforzamento organizzativo che prevede la transizione da un modello piramidale ad un modello a rete con responsabilità diffusa incominicia a diventare cultura e pratica organizzativa.</p>
<p>Molti sono gli incontri e le assemblee che si realizzano con modelli nuovi che assicurano cittadinanza ai presenti e offrono spazi di confronto ed elaborazione programmatica, politica e culturale agli iscritti.</p>
<p>A Dicembre 2019 si costituisce un gruppo di attivazione composto da rappresentanti sindacali e iscritti che, con la consulenza e l&#8217;accompagnamento di <a style="text-decoration: none;" title="Anna Zumbo" href="http://www.studiokappa.it/?page_id=5555" target="_self" rel="noopener noreferrer">Anna Zumbo</a>, hanno come funzione quella di attivare un processo di partecipazione degli iscritti alla costituzione e progettualità di 5 Dipartimenti tematici.<br />
<em><br />
</em></p>

<p>Trasformazione, rafforzamento e sviluppo organizzativo in ottica partecipata Verso un modello organizzativo a rete che dia cittadinanza e qualifichi la partecipazione degli iscritti CISL Scuola della provincia di Cuneo [slideshow_deploy id=&#8217;11914&#8242;] La Segreteria Provinciale della CISL Scuola Cuneo si è posta come linea programmatica quella di attivare un processo di rafforzamento organizzativo capace di declinare [&hellip;]</p>
