{"id":11609,"date":"2019-11-08T12:16:06","date_gmt":"2019-11-08T12:16:06","guid":{"rendered":"http:\/\/www.studiokappa.it\/?page_id=11609"},"modified":"2024-03-01T15:15:11","modified_gmt":"2024-03-01T15:15:11","slug":"asti-2020-innovazione-coesione-sociale-sviluppo-locale-corso","status":"publish","type":"page","link":"https:\/\/www.studiokappa.it\/?page_id=11609","title":{"rendered":"2020 corso Bologna &#8211;  Empowering community"},"content":{"rendered":"<p><span style=\"color: #6600ff; font-size: medium;\"><b>Empowering communities<\/b><\/span><br \/>\n<span style=\"color: #6600ff; font-size: medium;\"><i><em>Da Paulo Freire al welfare generativo:\u00a0 u<\/em>n metodo di intervento educativo e sociale<\/i><\/span><\/p>\n<td valign=\"top\">\n<div align=\"center\"><a href=\"http:\/\/https:\/\/www.studiokappa.it\/wp-content\/uploads\/2019\/11\/unnamed.jpg\"><img fetchpriority=\"high\" decoding=\"async\" class=\"align=none wp-image-14474 size-medium\" src=\"https:\/\/www.studiokappa.it\/wp-content\/uploads\/2019\/11\/unnamed.jpg\" alt=\"\" width=\"300\" height=\"238\" \/><\/a><\/div>\n<\/td>\n<p>Il 27 e 28 Giugno si tiene a Bologna, un weekend di formazione condotto da Anna Zumbo, consulente, project designer e formatore nei processi di rafforzamento delle organizzazioni e sviluppo di comunit\u00e0.<\/p>\n<p>Il training si articola intorno alla sfida attualissima di come coniugare coesione sociale, welfare e sviluppo\u00a0 in una prospettiva locale ed europea e si innesca nel lungo lavoro di ricerca e sperimentazione condotto all&#8217;interno dei processi di sperimentazione di nuovi modelli di welfare su base territoriale community based e multistakeholder approached.<\/p>\n<p>Filo conduttore del percorso \u00e8 l&#8217;approccio metodologico di Paulo Freire, gigante della pedagogia del \u2018900, antropologo e filosofo padre della pedagogia critica-problematizzante che si presenta come motore per l&#8217;empowerment di comunit\u00e0 portando elementi ad alto impatto di innovazione e di trasformazione delle pratiche e dei risultati degli interventi educativi e sociali.<\/p>\n<p>Un approccio che attiva mobilitazione, partecipazione, responsabilit\u00e0, che sa generare e accompagnare la trasformazione sociale ed attivare processi collettivi di co-responsabilit\u00e0 e cambiamento su base comunitaria.<\/p>\n<p>La riscoperta del ruolo de L&#8217;educazione critica &#8211; dialogica &#8211; problematizzante come leva per lo sviluppo di comunit\u00e0 locali pi\u00f9 coese e pi\u00f9 generative \u00e8 gi\u00e0 contenuto di un recente saggio di Anna Zumbo pubblicato nel libro Comunit\u00e0 che innovano. Prospettive ed esperienze per territori inclusivi&#8221;\u00a0 a cura di T. Ciampolini, ed.\u00a0 Franco Angeli, 2019.<\/a>.<\/p>\n<p>L\u2019incontro \u00e8 rivolto a dirigenti e funzionari delle pubbliche amministrazioni, degli enti gestori dei servizi sociali e delle organizzazioni del terzo settore e delle piccole e medie imprese.<\/p>\n<p>Durante i due giorni di corso vengono offerte ai partecipanti chiavi per la comprensione e l\u2019analisi delle potenzialit\u00e0 di questo innovativo approccio alla progettazione locale partecipata e sostenibile ed offerti strumenti per attivare un territorio fertile alla trasformazione, per accompagnare percorsi collettivi di innovazione sociale, per stimolare progettazioni di sistema e curarne l\u2019evoluzione in policy di successo.<\/p>\n<p>Si utilizza un approccio dialogico a diretto coinvolgimento dei partecipanti\u00a0 e se ne valorizza l\u2019esperienza e il vissuto assumendoli come risorsa per la costruzione e la capitalizzazione degli apprendimenti.\u00a0<\/p>\n<p>I partecipanti sono guidati con la metodologia della Ricerca-Formazione.\u00a0<\/p>\n<p><span style=\"text-align: left;\"><a style=\"text-decoration: none;\" title=\"Scarica il depliant dell'evento formativo\" href=\"http:\/\/www.studiokappa.it\/wp-content\/uploads\/2020\/05\/Empwering-communities.pdf\">Scarica il depliant dell&#8217;evento formativo (pdf)<\/a><\/span><\/p>\n<p><a style=\"text-decoration: none;\" title=\"Compila il modulo di iscrizione\" href=\"http:\/\/www.studiokappa.it\/?page_id=4059\" target=\"_blank\" rel=\"noopener noreferrer\">Compila il modulo di iscrizione <\/a><\/p>\n<p><a style=\"text-decoration: none;\" title=\"Segui l'evento su Facebook\" href=\"https:\/\/www.facebook.com\/events\/2276758619284137\/\" target=\"_blank\" rel=\"noopener noreferrer\">Segui l&#8217;evento su facebook<\/a><\/p>\n","protected":false},"excerpt":{"rendered":"<p>Empowering communities Da Paulo Freire al welfare generativo:\u00a0 un metodo di intervento educativo e sociale Il 27 e 28 Giugno si tiene a Bologna, un weekend di formazione condotto da Anna Zumbo, consulente, project designer e formatore nei processi di rafforzamento delle organizzazioni e sviluppo di comunit\u00e0. Il training si articola intorno alla sfida attualissima [&hellip;]<\/p>\n","protected":false},"author":58,"featured_media":0,"parent":0,"menu_order":0,"comment_status":"closed","ping_status":"closed","template":"","meta":{"footnotes":""},"class_list":["post-11609","page","type-page","status-publish","hentry"],"_links":{"self":[{"href":"https:\/\/www.studiokappa.it\/index.php?rest_route=\/wp\/v2\/pages\/11609","targetHints":{"allow":["GET"]}}],"collection":[{"href":"https:\/\/www.studiokappa.it\/index.php?rest_route=\/wp\/v2\/pages"}],"about":[{"href":"https:\/\/www.studiokappa.it\/index.php?rest_route=\/wp\/v2\/types\/page"}],"author":[{"embeddable":true,"href":"https:\/\/www.studiokappa.it\/index.php?rest_route=\/wp\/v2\/users\/58"}],"replies":[{"embeddable":true,"href":"https:\/\/www.studiokappa.it\/index.php?rest_route=%2Fwp%2Fv2%2Fcomments&post=11609"}],"version-history":[{"count":0,"href":"https:\/\/www.studiokappa.it\/index.php?rest_route=\/wp\/v2\/pages\/11609\/revisions"}],"wp:attachment":[{"href":"https:\/\/www.studiokappa.it\/index.php?rest_route=%2Fwp%2Fv2%2Fmedia&parent=11609"}],"curies":[{"name":"wp","href":"https:\/\/api.w.org\/{rel}","templated":true}]}}

<p><span style="color: #6600ff; font-size: medium;"><b>Empowering communities</b></span><br />
<span style="color: #6600ff; font-size: medium;"><i><em>Da Paulo Freire al welfare generativo:  u</em>n metodo di intervento educativo e sociale</i></span></p>
<td valign="top">
<div align="center"><a href="http://https://www.studiokappa.it/wp-content/uploads/2019/11/unnamed.jpg"><img fetchpriority="high" decoding="async" class="align=none wp-image-14474 size-medium" src="https://www.studiokappa.it/wp-content/uploads/2019/11/unnamed.jpg" alt="" width="300" height="238" /></a></div>
</td>
<p>Il 27 e 28 Giugno si tiene a Bologna, un weekend di formazione condotto da Anna Zumbo, consulente, project designer e formatore nei processi di rafforzamento delle organizzazioni e sviluppo di comunità.</p>
<p>Il training si articola intorno alla sfida attualissima di come coniugare coesione sociale, welfare e sviluppo  in una prospettiva locale ed europea e si innesca nel lungo lavoro di ricerca e sperimentazione condotto all&#8217;interno dei processi di sperimentazione di nuovi modelli di welfare su base territoriale community based e multistakeholder approached.</p>
<p>Filo conduttore del percorso è l&#8217;approccio metodologico di Paulo Freire, gigante della pedagogia del ‘900, antropologo e filosofo padre della pedagogia critica-problematizzante che si presenta come motore per l&#8217;empowerment di comunità portando elementi ad alto impatto di innovazione e di trasformazione delle pratiche e dei risultati degli interventi educativi e sociali.</p>
<p>Un approccio che attiva mobilitazione, partecipazione, responsabilità, che sa generare e accompagnare la trasformazione sociale ed attivare processi collettivi di co-responsabilità e cambiamento su base comunitaria.</p>
<p>La riscoperta del ruolo de L&#8217;educazione critica &#8211; dialogica &#8211; problematizzante come leva per lo sviluppo di comunità locali più coese e più generative è già contenuto di un recente saggio di Anna Zumbo pubblicato nel libro Comunità che innovano. Prospettive ed esperienze per territori inclusivi&#8221;  a cura di T. Ciampolini, ed.  Franco Angeli, 2019.</a>.</p>
<p>L’incontro è rivolto a dirigenti e funzionari delle pubbliche amministrazioni, degli enti gestori dei servizi sociali e delle organizzazioni del terzo settore e delle piccole e medie imprese.</p>
<p>Durante i due giorni di corso vengono offerte ai partecipanti chiavi per la comprensione e l’analisi delle potenzialità di questo innovativo approccio alla progettazione locale partecipata e sostenibile ed offerti strumenti per attivare un territorio fertile alla trasformazione, per accompagnare percorsi collettivi di innovazione sociale, per stimolare progettazioni di sistema e curarne l’evoluzione in policy di successo.</p>
<p>Si utilizza un approccio dialogico a diretto coinvolgimento dei partecipanti  e se ne valorizza l’esperienza e il vissuto assumendoli come risorsa per la costruzione e la capitalizzazione degli apprendimenti. </p>
<p>I partecipanti sono guidati con la metodologia della Ricerca-Formazione. </p>
<p><span style="text-align: left;"><a style="text-decoration: none;" title="Scarica il depliant dell'evento formativo" href="http://www.studiokappa.it/wp-content/uploads/2020/05/Empwering-communities.pdf">Scarica il depliant dell&#8217;evento formativo (pdf)</a></span></p>
<p><a style="text-decoration: none;" title="Compila il modulo di iscrizione" href="http://www.studiokappa.it/?page_id=4059" target="_blank" rel="noopener noreferrer">Compila il modulo di iscrizione </a></p>
<p><a style="text-decoration: none;" title="Segui l'evento su Facebook" href="https://www.facebook.com/events/2276758619284137/" target="_blank" rel="noopener noreferrer">Segui l&#8217;evento su facebook</a></p>

<p>Empowering communities Da Paulo Freire al welfare generativo:  un metodo di intervento educativo e sociale Il 27 e 28 Giugno si tiene a Bologna, un weekend di formazione condotto da Anna Zumbo, consulente, project designer e formatore nei processi di rafforzamento delle organizzazioni e sviluppo di comunità. Il training si articola intorno alla sfida attualissima [&hellip;]</p>
