{"id":11405,"date":"2019-01-09T11:17:27","date_gmt":"2019-01-09T11:17:27","guid":{"rendered":"http:\/\/www.studiokappa.it\/?page_id=11405"},"modified":"2024-02-06T16:33:43","modified_gmt":"2024-02-06T16:33:43","slug":"la-testa-pensa-dove-stanno-i-piedi-presentazione-corso","status":"publish","type":"page","link":"https:\/\/www.studiokappa.it\/?page_id=11405","title":{"rendered":"&#8220;La testa pensa dove stanno i piedi&#8221; &#8211; presentazione corso"},"content":{"rendered":"<p><strong><span style=\"color: #6600ff; font-size: medium;\">La testa pensa dove stanno i piedi<\/span><\/strong><br \/>\n<em><span style=\"color: #6600ff; font-size: medium;\">L&#8217;approccio di Paulo Freire nei percorsi di accoglienza e di alfabetizzazione dei migranti.<\/span><\/em><br \/>\n<em><br \/>\n<\/em><\/p>\n<div align=\"center\">[slideshow_deploy id=&#8217;11407&#8242;]<\/div>\n<p>Il Training &#8220;La testa pensa dove stanno i piedi&#8221; \u00e8 una due giorni\u00a0 di formazione parte del Programma &#8220;Alfabetizzare non \u00e8 insegnare a ripetere parole, ma a dire la propria parola&#8221; &#8211; Percorso per la scoperta e la <strong>sperimentazione del valore della pedagogia critica-dialogica-problematizzante e del metodo di coscientizzazione di Paulo Freire\u00a0<\/strong><strong>nei processi di accoglienza e alfabetizzazione dei migranti.<\/strong><\/p>\n<p>Il corso rappresenta il primo step del percorso formativo proposto dal <strong>Programma<\/strong> ed accompagna i partecipanti ad esplorare <strong style=\"color: initial;\">il contributo della pedagogica dialogica-critica di Paulo Freire per qualificare la relazione con il migrante nel processo di accoglienza e integrazione, <\/strong>a rafforzare le competenze metodologiche e confrontarsi collettivamente sulle pratiche sperimentate nei percorsi di accoglienza e formazione dei migranti.<\/p>\n<p>Durante il weekend di formazione viene \u00a0infatti introdotta una ampia riflessione sul valore delle pedagogie critiche\u00a0 per il cambiamento e del valore che queste possano apportare ai processi di accoglienza, ospitalit\u00e0, inclusione ed alfabetizzazione dei migranti.<\/p>\n<p>Le attivit\u00e0 proposte puntano a riflettere sulla <strong>relazione educativa<\/strong> e stimolano i partecipanti ad analizzare l\u2019approccio depositario dell\u2019insegnamento dell\u2019italiano ai migranti e della relazione educativa operatore \u2013 immigrato quali paradigmi di modi di concepire se stessi, gli altri ed il rispettivo potere di agire nel mondo e di trasformare la realt\u00e0 e permettono di scoprire e sperimentare metodologia e didattica per un insegnamento dell\u2019italiano a semi \u2013 o an-alfabeti che parta dai vissuti degli studenti e stimoli la propria ed altrui capacit\u00e0 di \u201clettura del mondo\u201d sperimentandosi nel fare del \u201ccontesto\u201d il \u201ctesto\u201d da cui muovere la relazione e l\u2019insegnamento.<\/p>\n<p>In particolare, i partecipanti sono accompagnati a:<\/p>\n<p>Conoscere i <strong>paradigmi della pedagogia critica-dialogica-problematizzante<\/strong> come leva all\u2019empowerment<\/p>\n<p>Conoscere <strong>l\u2019impianto metodologico (nelle sue diverse fasi) che attiva processi di coscientizzazione<\/strong>.<\/p>\n<p>Sperimentare l\u2019<strong>approccio maieutico<\/strong> nella relazione per l\u2019attivazione della motivazione all\u2019apprendimento dell\u2019italiano<\/p>\n<p>Fare pratico dell\u2019<strong>esercizio consapevole del potere della parola<\/strong> che implica decisione, scelta, capacit\u00e0 di intervento nella realt\u00e0.<\/p>\n<p><strong>L\u2019offerta formativa, nella sua interezza:<\/strong><br \/>\n&#8211; presenta l\u2019approccio freireano, propone una riflessione sull\u2019alfabetizzazione degli adulti come occasione privilegiata per innescare processi di coscientizzazione, sostanzia il valore del dialogo;<br \/>\n&#8211; interroga sulla relazione docente-studente nel setting dell\u2019apprendimento\/insegnamento come prototipo della relazione tra migrante e contesto di accoglienza e esplora il valore della do-discenza come disponibilit\u00e0 ad insegnare legata alla massima disponibilit\u00e0 ad imparare;<br \/>\n&#8211; struttura la capacit\u00e0 di costruire unit\u00e0 didattiche e condurre momenti di insegnamento o supporto all\u2019apprendimento dell\u2019italiano in maniera da attivare negli studenti la capacit\u00e0 di analisi critica della realt\u00e0 insieme alla propensione alla responsabilit\u00e0 ed all\u2019autonomia.<\/p>\n<p><strong>Per coordinatori di strutture di accoglienza, insegnanti di L2, educatori, operatori sociali e volontari impegnati nella relazione con persone e studenti immigrati.<\/strong><\/p>\n<p>Nuovi appuntamenti nel 2024 sono in programma a <a href=\"https:\/\/www.studiokappa.it\/wp-content\/uploads\/2024\/02\/2024-LOC-ALFABETIZZARE_RIACE.pdf\">Riace<\/a> (Rc), a Mantova e a Cuneo.<\/p>\n<p>Vedi alcuni dei corsi precedenti: <a style=\"text-decoration: none;\" href=\"http:\/\/www.studiokappa.it\/wp-content\/uploads\/2019\/04\/2019-torino-la-testa-pensa.pdf\">Torino<\/a>, <a style=\"text-decoration: none;\" href=\"http:\/\/www.studiokappa.it\/wp-content\/uploads\/2019\/01\/2019.11.23-la-testa-pensa-dove-stanno-i-piedi-3-1.jpg\">Sanremo<\/a>, Catania, <a href=\"https:\/\/www.studiokappa.it\/wp-content\/uploads\/2024\/02\/Alfabetizzare-non-e-.Roma-2023.pdf\">Roma<\/a>, <a href=\"https:\/\/www.studiokappa.it\/wp-content\/uploads\/2024\/02\/2023-Bologna_la-testa-pensa-1.pdf\">Bologna<\/a>.<br \/>\n<em><br \/>\n<\/em><strong>Approfondimenti<\/strong><\/p>\n<p align=\"justify\"><span style=\"color: #000000;\"><span style=\"font-size: medium;\">Zumbo A.,\u00a0<\/span><\/span><span style=\"color: #000000;\"><span style=\"font-size: medium;\">\u00a0<\/span><\/span><span style=\"color: #000000;\"><span style=\"font-size: medium;\"><i><a style=\"text-decoration: none;\" href=\"http:\/\/www.meltingpot.org\/Alfabetizzare-non-e-insegnare-a-ripetere-parole-ma-a-dire.html#.WK8ol_nhDIX\">Alfabetizzare non \u00e8 insegnare a ripetere parole, ma a dire la propria parola<\/a>, Meltingpot, novembre 2016<\/i><\/span><\/span><\/p>\n<p class=\"western\" align=\"justify\"><span style=\"color: #000000;\"><span style=\"font-size: medium;\">Zumbo A., Dallavalle C., <b><\/b><\/span><\/span> <span style=\"color: #000000;\"><span style=\"font-size: medium;\"><i><a style=\"text-decoration: none;\" href=\"http:\/\/www.istitutoeuroarabo.it\/DM\/la-lingua-italiana-lultima-frontiera-per-la-cittadinanza-dei-migranti-la-lezione-di-paulo-freire\/\">La lingua italiana, l\u2019ultima frontiera per la cittadinanza dei migranti: la lezione di Paulo Freire<\/a>,\u00a0<\/i><\/span><\/span><span style=\"color: #000000;\"><span style=\"font-size: medium;\">Dialoghi mediterranei, marzo 2017<\/span><\/span><u><\/u><\/p>\n<p><em><br \/>\n<\/em><br \/>\n<a style=\"text-decoration: none;\" href=\"http:\/\/www.studiokappa.it\/?page_id=4059\" target=\"_blank\" rel=\"noreferrer noopener\">Compila il modulo di iscrizione<\/a><br \/>\n<em><br \/>\n<\/em><br \/>\n<em><br \/>\n<\/em><\/p>\n","protected":false},"excerpt":{"rendered":"<p>La testa pensa dove stanno i piedi L&#8217;approccio di Paulo Freire nei percorsi di accoglienza e di alfabetizzazione dei migranti. [slideshow_deploy id=&#8217;11407&#8242;] Il Training &#8220;La testa pensa dove stanno i piedi&#8221; \u00e8 una due giorni\u00a0 di formazione parte del Programma &#8220;Alfabetizzare non \u00e8 insegnare a ripetere parole, ma a dire la propria parola&#8221; &#8211; Percorso [&hellip;]<\/p>\n","protected":false},"author":58,"featured_media":0,"parent":0,"menu_order":0,"comment_status":"closed","ping_status":"closed","template":"","meta":{"footnotes":""},"class_list":["post-11405","page","type-page","status-publish","hentry"],"_links":{"self":[{"href":"https:\/\/www.studiokappa.it\/index.php?rest_route=\/wp\/v2\/pages\/11405","targetHints":{"allow":["GET"]}}],"collection":[{"href":"https:\/\/www.studiokappa.it\/index.php?rest_route=\/wp\/v2\/pages"}],"about":[{"href":"https:\/\/www.studiokappa.it\/index.php?rest_route=\/wp\/v2\/types\/page"}],"author":[{"embeddable":true,"href":"https:\/\/www.studiokappa.it\/index.php?rest_route=\/wp\/v2\/users\/58"}],"replies":[{"embeddable":true,"href":"https:\/\/www.studiokappa.it\/index.php?rest_route=%2Fwp%2Fv2%2Fcomments&post=11405"}],"version-history":[{"count":0,"href":"https:\/\/www.studiokappa.it\/index.php?rest_route=\/wp\/v2\/pages\/11405\/revisions"}],"wp:attachment":[{"href":"https:\/\/www.studiokappa.it\/index.php?rest_route=%2Fwp%2Fv2%2Fmedia&parent=11405"}],"curies":[{"name":"wp","href":"https:\/\/api.w.org\/{rel}","templated":true}]}}

<p><strong><span style="color: #6600ff; font-size: medium;">La testa pensa dove stanno i piedi</span></strong><br />
<em><span style="color: #6600ff; font-size: medium;">L&#8217;approccio di Paulo Freire nei percorsi di accoglienza e di alfabetizzazione dei migranti.</span></em><br />
<em><br />
</em></p>
<div align="center">[slideshow_deploy id=&#8217;11407&#8242;]</div>
<p>Il Training &#8220;La testa pensa dove stanno i piedi&#8221; è una due giorni  di formazione parte del Programma &#8220;Alfabetizzare non è insegnare a ripetere parole, ma a dire la propria parola&#8221; &#8211; Percorso per la scoperta e la <strong>sperimentazione del valore della pedagogia critica-dialogica-problematizzante e del metodo di coscientizzazione di Paulo Freire </strong><strong>nei processi di accoglienza e alfabetizzazione dei migranti.</strong></p>
<p>Il corso rappresenta il primo step del percorso formativo proposto dal <strong>Programma</strong> ed accompagna i partecipanti ad esplorare <strong style="color: initial;">il contributo della pedagogica dialogica-critica di Paulo Freire per qualificare la relazione con il migrante nel processo di accoglienza e integrazione, </strong>a rafforzare le competenze metodologiche e confrontarsi collettivamente sulle pratiche sperimentate nei percorsi di accoglienza e formazione dei migranti.</p>
<p>Durante il weekend di formazione viene  infatti introdotta una ampia riflessione sul valore delle pedagogie critiche  per il cambiamento e del valore che queste possano apportare ai processi di accoglienza, ospitalità, inclusione ed alfabetizzazione dei migranti.</p>
<p>Le attività proposte puntano a riflettere sulla <strong>relazione educativa</strong> e stimolano i partecipanti ad analizzare l’approccio depositario dell’insegnamento dell’italiano ai migranti e della relazione educativa operatore – immigrato quali paradigmi di modi di concepire se stessi, gli altri ed il rispettivo potere di agire nel mondo e di trasformare la realtà e permettono di scoprire e sperimentare metodologia e didattica per un insegnamento dell’italiano a semi – o an-alfabeti che parta dai vissuti degli studenti e stimoli la propria ed altrui capacità di “lettura del mondo” sperimentandosi nel fare del “contesto” il “testo” da cui muovere la relazione e l’insegnamento.</p>
<p>In particolare, i partecipanti sono accompagnati a:</p>
<p>Conoscere i <strong>paradigmi della pedagogia critica-dialogica-problematizzante</strong> come leva all’empowerment</p>
<p>Conoscere <strong>l’impianto metodologico (nelle sue diverse fasi) che attiva processi di coscientizzazione</strong>.</p>
<p>Sperimentare l’<strong>approccio maieutico</strong> nella relazione per l’attivazione della motivazione all’apprendimento dell’italiano</p>
<p>Fare pratico dell’<strong>esercizio consapevole del potere della parola</strong> che implica decisione, scelta, capacità di intervento nella realtà.</p>
<p><strong>L’offerta formativa, nella sua interezza:</strong><br />
&#8211; presenta l’approccio freireano, propone una riflessione sull’alfabetizzazione degli adulti come occasione privilegiata per innescare processi di coscientizzazione, sostanzia il valore del dialogo;<br />
&#8211; interroga sulla relazione docente-studente nel setting dell’apprendimento/insegnamento come prototipo della relazione tra migrante e contesto di accoglienza e esplora il valore della do-discenza come disponibilità ad insegnare legata alla massima disponibilità ad imparare;<br />
&#8211; struttura la capacità di costruire unità didattiche e condurre momenti di insegnamento o supporto all’apprendimento dell’italiano in maniera da attivare negli studenti la capacità di analisi critica della realtà insieme alla propensione alla responsabilità ed all’autonomia.</p>
<p><strong>Per coordinatori di strutture di accoglienza, insegnanti di L2, educatori, operatori sociali e volontari impegnati nella relazione con persone e studenti immigrati.</strong></p>
<p>Nuovi appuntamenti nel 2024 sono in programma a <a href="https://www.studiokappa.it/wp-content/uploads/2024/02/2024-LOC-ALFABETIZZARE_RIACE.pdf">Riace</a> (Rc), a Mantova e a Cuneo.</p>
<p>Vedi alcuni dei corsi precedenti: <a style="text-decoration: none;" href="http://www.studiokappa.it/wp-content/uploads/2019/04/2019-torino-la-testa-pensa.pdf">Torino</a>, <a style="text-decoration: none;" href="http://www.studiokappa.it/wp-content/uploads/2019/01/2019.11.23-la-testa-pensa-dove-stanno-i-piedi-3-1.jpg">Sanremo</a>, Catania, <a href="https://www.studiokappa.it/wp-content/uploads/2024/02/Alfabetizzare-non-e-.Roma-2023.pdf">Roma</a>, <a href="https://www.studiokappa.it/wp-content/uploads/2024/02/2023-Bologna_la-testa-pensa-1.pdf">Bologna</a>.<br />
<em><br />
</em><strong>Approfondimenti</strong></p>
<p align="justify"><span style="color: #000000;"><span style="font-size: medium;">Zumbo A., </span></span><span style="color: #000000;"><span style="font-size: medium;"> </span></span><span style="color: #000000;"><span style="font-size: medium;"><i><a style="text-decoration: none;" href="http://www.meltingpot.org/Alfabetizzare-non-e-insegnare-a-ripetere-parole-ma-a-dire.html#.WK8ol_nhDIX">Alfabetizzare non è insegnare a ripetere parole, ma a dire la propria parola</a>, Meltingpot, novembre 2016</i></span></span></p>
<p class="western" align="justify"><span style="color: #000000;"><span style="font-size: medium;">Zumbo A., Dallavalle C., <b></b></span></span> <span style="color: #000000;"><span style="font-size: medium;"><i><a style="text-decoration: none;" href="http://www.istitutoeuroarabo.it/DM/la-lingua-italiana-lultima-frontiera-per-la-cittadinanza-dei-migranti-la-lezione-di-paulo-freire/">La lingua italiana, l’ultima frontiera per la cittadinanza dei migranti: la lezione di Paulo Freire</a>, </i></span></span><span style="color: #000000;"><span style="font-size: medium;">Dialoghi mediterranei, marzo 2017</span></span><u></u></p>
<p><em><br />
</em><br />
<a style="text-decoration: none;" href="http://www.studiokappa.it/?page_id=4059" target="_blank" rel="noreferrer noopener">Compila il modulo di iscrizione</a><br />
<em><br />
</em><br />
<em><br />
</em></p>

<p>La testa pensa dove stanno i piedi L&#8217;approccio di Paulo Freire nei percorsi di accoglienza e di alfabetizzazione dei migranti. [slideshow_deploy id=&#8217;11407&#8242;] Il Training &#8220;La testa pensa dove stanno i piedi&#8221; è una due giorni  di formazione parte del Programma &#8220;Alfabetizzare non è insegnare a ripetere parole, ma a dire la propria parola&#8221; &#8211; Percorso [&hellip;]</p>
